CRAN Package Check Results for Package dragulaR

Last updated on 2024-03-01 19:48:57 CET.

Flavor Version Tinstall Tcheck Ttotal Status Flags
r-devel-linux-x86_64-debian-clang 0.3.1 4.55 38.04 42.59 NOTE
r-devel-linux-x86_64-debian-gcc 0.3.1 3.47 29.59 33.06 NOTE
r-devel-linux-x86_64-fedora-clang 0.3.1 54.81 NOTE
r-devel-linux-x86_64-fedora-gcc 0.3.1 49.30 NOTE
r-devel-windows-x86_64 0.3.1 5.00 50.00 55.00 NOTE
r-patched-linux-x86_64 0.3.1 3.90 37.37 41.27 NOTE
r-release-linux-x86_64 0.3.1 4.46 37.14 41.60 NOTE
r-release-macos-arm64 0.3.1 21.00 NOTE
r-release-macos-x86_64 0.3.1 32.00 NOTE
r-release-windows-x86_64 0.3.1 8.00 52.00 60.00 NOTE
r-oldrel-macos-arm64 0.3.1 18.00 NOTE
r-oldrel-windows-x86_64 0.3.1 6.00 62.00 68.00 NOTE

Check Details

Version: 0.3.1
Check: LazyData
Result: NOTE 'LazyData' is specified without a 'data' directory Flavors: r-devel-linux-x86_64-debian-clang, r-devel-linux-x86_64-debian-gcc, r-devel-linux-x86_64-fedora-clang, r-devel-linux-x86_64-fedora-gcc, r-devel-windows-x86_64, r-patched-linux-x86_64, r-release-linux-x86_64, r-release-macos-arm64, r-release-macos-x86_64, r-release-windows-x86_64, r-oldrel-macos-arm64, r-oldrel-windows-x86_64