CRAN Package Check Results for Package drat

Last updated on 2022-09-30 21:48:55 CEST.

Flavor Version Tinstall Tcheck Ttotal Status Flags
r-devel-linux-x86_64-debian-clang 0.2.3 2.75 44.52 47.27 OK
r-devel-linux-x86_64-debian-gcc 0.2.3 1.94 35.23 37.17 OK
r-devel-linux-x86_64-fedora-clang 0.2.3 71.35 OK
r-devel-linux-x86_64-fedora-gcc 0.2.3 66.00 OK
r-devel-windows-x86_64 0.2.3 19.00 125.00 144.00 OK
r-patched-linux-x86_64 0.2.3 2.23 43.15 45.38 OK
r-release-linux-x86_64 0.2.3 1.92 42.46 44.38 OK
r-release-macos-arm64 0.2.3 26.00 OK
r-release-macos-x86_64 0.2.3 34.00 ERROR
r-release-windows-x86_64 0.2.3 23.00 124.00 147.00 OK
r-oldrel-macos-arm64 0.2.3 33.00 OK
r-oldrel-macos-x86_64 0.2.3 40.00 ERROR
r-oldrel-windows-ix86+x86_64 0.2.3 6.00 84.00 90.00 OK

Check Details

Version: 0.2.3
Check: tests
Result: ERROR
     Running ‘simpleTests.R’ [0s/0s]
     Running ‘skeleton_git2r.R’ [3s/3s]
    Running the tests in ‘tests/skeleton_git2r.R’ failed.
    Last 13 lines of output:
     * saving partial Rd database
     * checking for LF line-endings in source and make files and shell scripts
     * checking for empty or unneeded directories
     * building ‘foo_1.0.tar.gz’
    
     dratting
     Added and committed foo_1.0.tar.gz plus PACKAGES files. Still need to push.
    
     Error in testRepoActions(repodir) :
     Wrong package files found after pruning for version = NA
     Calls: runTest -> testRepoActions
     In addition: Warning message:
     In (function (dir = ".", fields = NULL, type = c("source", "mac.binary", :
     PACKAGES files do not include MD5 sums in the win.binary case, so strict checking is impossible. Calling down to write_PACKAGES directly.
     Execution halted
Flavors: r-release-macos-x86_64, r-oldrel-macos-x86_64