CRAN Package Check Results for Package driveR

Last updated on 2021-12-04 19:52:53 CET.

Flavor Version Tinstall Tcheck Ttotal Status Flags
r-devel-linux-x86_64-debian-clang 0.2.1 13.50 169.88 183.38 OK
r-devel-linux-x86_64-debian-gcc 0.2.1 9.76 129.29 139.05 OK
r-devel-linux-x86_64-fedora-clang 0.2.1 219.34 NOTE
r-devel-linux-x86_64-fedora-gcc 0.2.1 207.39 OK
r-devel-windows-x86_64-new-UL 0.2.1 26.00 205.00 231.00 NOTE
r-devel-windows-x86_64-new-TK 0.2.1 OK
r-devel-windows-x86_64-old 0.2.1 22.00 133.00 155.00 NOTE
r-patched-linux-x86_64 0.2.1 12.75 151.66 164.41 OK
r-release-linux-x86_64 0.2.1 11.41 153.88 165.29 OK
r-release-macos-arm64 0.2.1 NOTE
r-release-macos-x86_64 0.2.1 NOTE
r-release-windows-ix86+x86_64 0.2.1 29.00 193.00 222.00 NOTE
r-oldrel-macos-x86_64 0.2.1 NOTE
r-oldrel-windows-ix86+x86_64 0.2.1 28.00 204.00 232.00 NOTE

Check Details

Version: 0.2.1
Check: installed package size
Result: NOTE
     installed size is 5.5Mb
     sub-directories of 1Mb or more:
     data 1.7Mb
     extdata 3.2Mb
Flavors: r-devel-linux-x86_64-fedora-clang, r-devel-windows-x86_64-new-UL, r-devel-windows-x86_64-old, r-release-macos-arm64, r-release-macos-x86_64, r-release-windows-ix86+x86_64, r-oldrel-macos-x86_64, r-oldrel-windows-ix86+x86_64