CRAN Package Check Results for Package dscore

Last updated on 2024-03-02 19:50:16 CET.

Flavor Version Tinstall Tcheck Ttotal Status Flags
r-devel-linux-x86_64-debian-clang 1.8.0 37.53 85.21 122.74 NOTE
r-devel-linux-x86_64-debian-gcc 1.8.0 28.09 64.87 92.96 NOTE
r-devel-linux-x86_64-fedora-clang 1.8.0 164.83 NOTE
r-devel-linux-x86_64-fedora-gcc 1.8.0 167.59 NOTE
r-devel-windows-x86_64 1.8.0 29.00 110.00 139.00 NOTE
r-patched-linux-x86_64 1.8.0 34.76 82.33 117.09 NOTE
r-release-linux-x86_64 1.8.0 33.80 81.79 115.59 NOTE
r-release-macos-arm64 1.8.0 56.00 NOTE
r-release-macos-x86_64 1.8.0 85.00 NOTE
r-release-windows-x86_64 1.8.0 42.00 128.00 170.00 NOTE
r-oldrel-macos-arm64 1.8.0 49.00 OK
r-oldrel-windows-x86_64 1.8.0 39.00 123.00 162.00 OK

Check Details

Version: 1.8.0
Check: C++ specification
Result: NOTE Specified C++11: please drop specification unless essential Flavors: r-devel-linux-x86_64-debian-clang, r-devel-linux-x86_64-debian-gcc, r-devel-linux-x86_64-fedora-clang, r-devel-linux-x86_64-fedora-gcc, r-devel-windows-x86_64, r-patched-linux-x86_64, r-release-linux-x86_64, r-release-macos-arm64, r-release-macos-x86_64, r-release-windows-x86_64