CRAN Package Check Results for Package dtp

Last updated on 2024-07-13 21:44:38 CEST.

Flavor Version Tinstall Tcheck Ttotal Status Flags
r-devel-linux-x86_64-debian-clang 0.1.0 2.73 38.88 41.61 NOTE
r-devel-linux-x86_64-debian-gcc 0.1.0 3.08 29.20 32.28 NOTE
r-devel-linux-x86_64-fedora-clang 0.1.0 53.76 NOTE
r-devel-linux-x86_64-fedora-gcc 0.1.0 50.14 NOTE
r-devel-windows-x86_64 0.1.0 4.00 54.00 58.00 NOTE
r-patched-linux-x86_64 0.1.0 3.39 36.87 40.26 NOTE
r-release-linux-x86_64 0.1.0 3.61 37.34 40.95 NOTE
r-release-macos-arm64 0.1.0 20.00 NOTE
r-release-macos-x86_64 0.1.0 28.00 NOTE
r-release-windows-x86_64 0.1.0 5.00 55.00 60.00 NOTE
r-oldrel-macos-arm64 0.1.0 21.00 OK
r-oldrel-macos-x86_64 0.1.0 28.00 OK
r-oldrel-windows-x86_64 0.1.0 5.00 56.00 61.00 OK

Check Details

Version: 0.1.0
Check: Rd files
Result: NOTE checkRd: (-1) Mena.Rd:14: Lost braces in \itemize; meant \describe ? checkRd: (-1) Mena.Rd:15: Lost braces in \itemize; meant \describe ? checkRd: (-1) Mena.Rd:16: Lost braces in \itemize; meant \describe ? checkRd: (-1) Mena.Rd:17: Lost braces in \itemize; meant \describe ? checkRd: (-1) Mena.Rd:18: Lost braces in \itemize; meant \describe ? checkRd: (-1) Mena.Rd:19: Lost braces in \itemize; meant \describe ? Flavors: r-devel-linux-x86_64-debian-clang, r-devel-linux-x86_64-debian-gcc, r-devel-linux-x86_64-fedora-clang, r-devel-linux-x86_64-fedora-gcc, r-devel-windows-x86_64, r-patched-linux-x86_64, r-release-linux-x86_64, r-release-macos-arm64, r-release-macos-x86_64, r-release-windows-x86_64