CRAN Package Check Results for Package dtpcrm

Last updated on 2022-05-26 21:50:04 CEST.

Flavor Version Tinstall Tcheck Ttotal Status Flags
r-devel-linux-x86_64-debian-clang 0.1.1 2.18 72.74 74.92 NOTE
r-devel-linux-x86_64-debian-gcc 0.1.1 2.24 58.06 60.30 NOTE
r-devel-linux-x86_64-fedora-clang 0.1.1 88.46 NOTE
r-devel-linux-x86_64-fedora-gcc 0.1.1 90.03 NOTE
r-devel-windows-x86_64 0.1.1 18.00 123.00 141.00 NOTE
r-patched-linux-x86_64 0.1.1 2.53 72.48 75.01 NOTE
r-release-linux-x86_64 0.1.1 3.12 71.89 75.01 NOTE
r-release-macos-arm64 0.1.1 29.00 NOTE
r-release-macos-x86_64 0.1.1 44.00 NOTE
r-release-windows-x86_64 0.1.1 18.00 126.00 144.00 NOTE
r-oldrel-macos-arm64 0.1.1 34.00 NOTE
r-oldrel-macos-x86_64 0.1.1 61.00 NOTE
r-oldrel-windows-ix86+x86_64 0.1.1 6.00 126.00 132.00 NOTE

Check Details

Version: 0.1.1
Check: LazyData
Result: NOTE
     'LazyData' is specified without a 'data' directory
Flavors: r-devel-linux-x86_64-debian-clang, r-devel-linux-x86_64-debian-gcc, r-devel-linux-x86_64-fedora-clang, r-devel-linux-x86_64-fedora-gcc, r-devel-windows-x86_64, r-patched-linux-x86_64, r-release-linux-x86_64, r-release-macos-arm64, r-release-macos-x86_64, r-release-windows-x86_64, r-oldrel-macos-arm64, r-oldrel-macos-x86_64, r-oldrel-windows-ix86+x86_64