Last updated on 2023-02-07 19:58:06 CET.
Flavor | Version | Tinstall | Tcheck | Ttotal | Status | Flags |
---|---|---|---|---|---|---|
r-devel-linux-x86_64-debian-clang | 0.2.4 | 9.94 | 285.70 | 295.64 | OK | |
r-devel-linux-x86_64-debian-gcc | 0.2.4 | 7.38 | 208.68 | 216.06 | OK | |
r-devel-linux-x86_64-fedora-clang | 0.2.4 | 372.02 | NOTE | |||
r-devel-linux-x86_64-fedora-gcc | 0.2.4 | 364.22 | OK | |||
r-devel-windows-x86_64 | 0.2.4 | 69.00 | 352.00 | 421.00 | OK | |
r-patched-linux-x86_64 | 0.2.4 | 8.48 | 260.87 | 269.35 | OK | |
r-release-linux-x86_64 | 0.2.4 | 7.88 | 255.33 | 263.21 | OK | |
r-release-macos-arm64 | 0.2.4 | 86.00 | OK | |||
r-release-macos-x86_64 | 0.2.4 | 106.00 | OK | |||
r-release-windows-x86_64 | 0.2.4 | 68.00 | 312.00 | 380.00 | OK | |
r-oldrel-macos-arm64 | 0.2.4 | 89.00 | OK | |||
r-oldrel-macos-x86_64 | 0.2.4 | 117.00 | OK | |||
r-oldrel-windows-ix86+x86_64 | 0.2.4 | 19.00 | 355.00 | 374.00 | OK |
Version: 0.2.4
Check: Rd cross-references
Result: NOTE
Undeclared package ‘vctrs’ in Rd xrefs
Flavor: r-devel-linux-x86_64-fedora-clang