CRAN Package Check Results for Package dtree

Last updated on 2022-01-15 19:59:57 CET.

Flavor Version Tinstall Tcheck Ttotal Status Flags
r-devel-linux-x86_64-debian-clang 0.4.2 16.27 144.70 160.97 NOTE
r-devel-linux-x86_64-debian-gcc 0.4.2 14.20 107.80 122.00 NOTE
r-devel-linux-x86_64-fedora-clang 0.4.2 191.08 NOTE
r-devel-linux-x86_64-fedora-gcc 0.4.2 179.93 NOTE
r-devel-windows-x86_64-new-UL 0.4.2 23.00 165.00 188.00 NOTE
r-devel-windows-x86_64-new-TK 0.4.2 NOTE
r-patched-linux-x86_64 0.4.2 16.31 137.29 153.60 NOTE
r-release-linux-x86_64 0.4.2 12.46 137.83 150.29 NOTE
r-release-macos-arm64 0.4.2 NOTE
r-release-macos-x86_64 0.4.2 NOTE
r-release-windows-ix86+x86_64 0.4.2 38.00 158.00 196.00 NOTE
r-oldrel-macos-x86_64 0.4.2 OK
r-oldrel-windows-ix86+x86_64 0.4.2 40.00 157.00 197.00 OK

Check Details

Version: 0.4.2
Check: LazyData
Result: NOTE
     'LazyData' is specified without a 'data' directory
Flavors: r-devel-linux-x86_64-debian-clang, r-devel-linux-x86_64-debian-gcc, r-devel-linux-x86_64-fedora-clang, r-devel-linux-x86_64-fedora-gcc, r-devel-windows-x86_64-new-UL, r-devel-windows-x86_64-new-TK, r-patched-linux-x86_64, r-release-linux-x86_64, r-release-macos-arm64, r-release-macos-x86_64, r-release-windows-ix86+x86_64