CRAN Package Check Results for Package dub

Last updated on 2021-12-05 19:49:22 CET.

Flavor Version Tinstall Tcheck Ttotal Status Flags
r-devel-linux-x86_64-debian-clang 0.2.0 1.79 29.44 31.23 NOTE
r-devel-linux-x86_64-debian-gcc 0.2.0 1.55 23.34 24.89 NOTE
r-devel-linux-x86_64-fedora-clang 0.2.0 39.31 NOTE
r-devel-linux-x86_64-fedora-gcc 0.2.0 28.46 NOTE
r-devel-windows-x86_64-new-UL 0.2.0 5.00 56.00 61.00 NOTE
r-devel-windows-x86_64-new-TK 0.2.0 NOTE
r-devel-windows-x86_64-old 0.2.0 4.00 27.00 31.00 NOTE
r-patched-linux-x86_64 0.2.0 1.80 20.60 22.40 NOTE
r-release-linux-x86_64 0.2.0 1.78 28.30 30.08 NOTE
r-release-macos-arm64 0.2.0 NOTE
r-release-macos-x86_64 0.2.0 NOTE
r-release-windows-ix86+x86_64 0.2.0 5.00 37.00 42.00 NOTE
r-oldrel-macos-x86_64 0.2.0 OK
r-oldrel-windows-ix86+x86_64 0.2.0 5.00 47.00 52.00 OK

Check Details

Version: 0.2.0
Check: LazyData
Result: NOTE
     'LazyData' is specified without a 'data' directory
Flavors: r-devel-linux-x86_64-debian-clang, r-devel-linux-x86_64-debian-gcc, r-devel-linux-x86_64-fedora-clang, r-devel-linux-x86_64-fedora-gcc, r-devel-windows-x86_64-new-UL, r-devel-windows-x86_64-new-TK, r-devel-windows-x86_64-old, r-patched-linux-x86_64, r-release-linux-x86_64, r-release-macos-arm64, r-release-macos-x86_64, r-release-windows-ix86+x86_64