CRAN Package Check Results for Package duckduckr

Last updated on 2024-02-27 19:54:36 CET.

Flavor Version Tinstall Tcheck Ttotal Status Flags
r-devel-linux-x86_64-debian-clang 1.0.0 1.28 23.57 24.85 NOTE
r-devel-linux-x86_64-debian-gcc 1.0.0 1.59 18.15 19.74 NOTE
r-devel-linux-x86_64-fedora-clang 1.0.0 32.15 NOTE
r-devel-linux-x86_64-fedora-gcc 1.0.0 29.99 NOTE
r-devel-windows-x86_64 1.0.0 3.00 44.00 47.00 NOTE
r-patched-linux-x86_64 1.0.0 2.06 23.06 25.12 NOTE
r-release-linux-x86_64 1.0.0 2.10 23.04 25.14 NOTE
r-release-macos-arm64 1.0.0 16.00 NOTE
r-release-macos-x86_64 1.0.0 21.00 NOTE
r-release-windows-x86_64 1.0.0 4.00 43.00 47.00 NOTE
r-oldrel-macos-arm64 1.0.0 15.00 NOTE
r-oldrel-windows-x86_64 1.0.0 3.00 46.00 49.00 NOTE

Check Details

Version: 1.0.0
Check: LazyData
Result: NOTE 'LazyData' is specified without a 'data' directory Flavors: r-devel-linux-x86_64-debian-clang, r-devel-linux-x86_64-debian-gcc, r-devel-linux-x86_64-fedora-clang, r-devel-linux-x86_64-fedora-gcc, r-devel-windows-x86_64, r-patched-linux-x86_64, r-release-linux-x86_64, r-release-macos-arm64, r-release-macos-x86_64, r-release-windows-x86_64, r-oldrel-macos-arm64, r-oldrel-windows-x86_64