CRAN Package Check Results for Package dumbbell

Last updated on 2021-12-03 19:50:09 CET.

Flavor Version Tinstall Tcheck Ttotal Status Flags
r-devel-linux-x86_64-debian-clang 0.1 10.23 89.16 99.39 NOTE
r-devel-linux-x86_64-debian-gcc 0.1 7.27 66.61 73.88 NOTE
r-devel-linux-x86_64-fedora-clang 0.1 128.01 NOTE
r-devel-linux-x86_64-fedora-gcc 0.1 113.79 NOTE
r-devel-windows-x86_64-new-UL 0.1 20.00 140.00 160.00 NOTE
r-devel-windows-x86_64-new-TK 0.1 NOTE
r-devel-windows-x86_64-old 0.1 20.00 84.00 104.00 NOTE
r-patched-linux-x86_64 0.1 9.89 82.29 92.18 NOTE
r-release-linux-x86_64 0.1 9.01 80.60 89.61 NOTE
r-release-macos-arm64 0.1 NOTE
r-release-macos-x86_64 0.1 NOTE
r-release-windows-ix86+x86_64 0.1 24.00 113.00 137.00 NOTE
r-oldrel-macos-x86_64 0.1 OK
r-oldrel-windows-ix86+x86_64 0.1 23.00 111.00 134.00 OK

Check Details

Version: 0.1
Check: LazyData
Result: NOTE
     'LazyData' is specified without a 'data' directory
Flavors: r-devel-linux-x86_64-debian-clang, r-devel-linux-x86_64-debian-gcc, r-devel-linux-x86_64-fedora-clang, r-devel-linux-x86_64-fedora-gcc, r-devel-windows-x86_64-new-UL, r-devel-windows-x86_64-new-TK, r-devel-windows-x86_64-old, r-patched-linux-x86_64, r-release-linux-x86_64, r-release-macos-arm64, r-release-macos-x86_64, r-release-windows-ix86+x86_64