Last updated on 2021-04-17 21:48:52 CEST.
Flavor | Version | Tinstall | Tcheck | Ttotal | Status | Flags |
---|---|---|---|---|---|---|
r-devel-linux-x86_64-debian-clang | 0.1.1 | 3.42 | 23.34 | 26.76 | OK | |
r-devel-linux-x86_64-debian-gcc | 0.1.1 | 2.63 | 18.94 | 21.57 | OK | |
r-devel-linux-x86_64-fedora-clang | 0.1.1 | 42.88 | NOTE | |||
r-devel-linux-x86_64-fedora-gcc | 0.1.1 | 32.50 | NOTE | |||
r-devel-windows-ix86+x86_64 | 0.1.1 | 7.00 | 38.00 | 45.00 | OK | |
r-devel-windows-x86_64-gcc10-UCRT | 0.1.1 | NOTE | ||||
r-patched-linux-x86_64 | 0.1.1 | 3.28 | 22.80 | 26.08 | OK | |
r-patched-solaris-x86 | 0.1.1 | 49.30 | NOTE | |||
r-release-linux-x86_64 | 0.1.1 | 3.68 | 22.73 | 26.41 | OK | |
r-release-macos-x86_64 | 0.1.1 | NOTE | ||||
r-release-windows-ix86+x86_64 | 0.1.1 | 5.00 | 39.00 | 44.00 | OK | |
r-oldrel-macos-x86_64 | 0.1.1 | NOTE | ||||
r-oldrel-windows-ix86+x86_64 | 0.1.1 | 5.00 | 36.00 | 41.00 | OK |
Version: 0.1.1
Check: data for non-ASCII characters
Result: NOTE
Note: found 2854 marked UTF-8 strings
Flavors: r-devel-linux-x86_64-fedora-clang, r-devel-linux-x86_64-fedora-gcc, r-devel-windows-x86_64-gcc10-UCRT, r-patched-solaris-x86, r-release-macos-x86_64, r-oldrel-macos-x86_64