CRAN Package Check Results for Package dynaSpec

Last updated on 2024-05-22 21:54:06 CEST.

Flavor Version Tinstall Tcheck Ttotal Status Flags
r-devel-linux-x86_64-debian-clang 1.0.1 3.92 32.06 35.98 OK
r-devel-linux-x86_64-debian-gcc 1.0.1 3.15 23.61 26.76 OK
r-devel-linux-x86_64-fedora-clang 1.0.1 46.41 NOTE
r-devel-linux-x86_64-fedora-gcc 1.0.1 42.48 NOTE
r-devel-windows-x86_64 1.0.1 5.00 44.00 49.00 OK
r-patched-linux-x86_64 1.0.1 3.51 29.61 33.12 OK
r-release-linux-x86_64 1.0.1 2.95 29.45 32.40 OK
r-release-macos-arm64 1.0.1 18.00 OK
r-release-windows-x86_64 1.0.1 5.00 163.00 168.00 OK
r-oldrel-macos-arm64 1.0.1 18.00 OK
r-oldrel-macos-x86_64 1.0.1 29.00 NOTE
r-oldrel-windows-x86_64 1.0.1 6.00 48.00 54.00 OK

Check Details

Version: 1.0.1
Check: dependencies in R code
Result: NOTE Namespaces in Imports field not imported from: ‘NatureSounds’ ‘av’ ‘magrittr’ ‘stats’ All declared Imports should be used. Flavors: r-devel-linux-x86_64-fedora-clang, r-devel-linux-x86_64-fedora-gcc

Version: 1.0.1
Check: Rd cross-references
Result: NOTE Undeclared package ‘warbleR’ in Rd xrefs Flavor: r-devel-linux-x86_64-fedora-clang

Version: 1.0.1
Check: Rd cross-references
Result: NOTE Package unavailable to check Rd xrefs: ‘warbleR’ Flavor: r-oldrel-macos-x86_64