Last updated on 2023-12-09 19:54:08 CET.
Flavor | Version | Tinstall | Tcheck | Ttotal | Status | Flags |
---|---|---|---|---|---|---|
r-devel-linux-x86_64-debian-clang | 1.2-16 | 15.40 | 65.18 | 80.58 | NOTE | |
r-devel-linux-x86_64-debian-gcc | 1.2-16 | 11.71 | 47.69 | 59.40 | NOTE | |
r-devel-linux-x86_64-fedora-clang | 1.2-16 | 108.48 | OK | |||
r-devel-linux-x86_64-fedora-gcc | 1.2-16 | 107.30 | OK | |||
r-devel-windows-x86_64 | 1.2-16 | 19.00 | 83.00 | 102.00 | OK | |
r-patched-linux-x86_64 | 1.2-16 | 15.57 | 63.13 | 78.70 | OK | |
r-release-linux-x86_64 | 1.2-16 | 14.96 | 62.86 | 77.82 | OK | |
r-release-macos-arm64 | 1.2-16 | 34.00 | OK | |||
r-release-macos-x86_64 | 1.2-16 | 85.00 | OK | |||
r-release-windows-x86_64 | 1.2-16 | 19.00 | 89.00 | 108.00 | OK | |
r-oldrel-macos-arm64 | 1.2-16 | 34.00 | OK | |||
r-oldrel-macos-x86_64 | 1.2-16 | 50.00 | OK | |||
r-oldrel-windows-x86_64 | 1.2-16 | 22.00 | 91.00 | 113.00 | OK |
Version: 1.2-16
Check: Rd files
Result: NOTE
checkRd: (-1) predict.dynaTree.Rd:107: Lost braces
107 | For \code{coef} a new \R{XXc} field is created so as not to trample
| ^
Flavors: r-devel-linux-x86_64-debian-clang, r-devel-linux-x86_64-debian-gcc