CRAN Package Check Results for Package dynamichazard

Last updated on 2021-02-27 19:47:52 CET.

Flavor Version Tinstall Tcheck Ttotal Status Flags
r-devel-linux-x86_64-debian-clang 0.6.8 646.09 228.84 874.93 OK
r-devel-linux-x86_64-debian-gcc 0.6.8 443.53 170.53 614.06 OK
r-devel-linux-x86_64-fedora-clang 0.6.8 1271.36 NOTE
r-devel-linux-x86_64-fedora-gcc 0.6.8 1133.35 OK
r-patched-linux-x86_64 0.6.8 518.97 218.92 737.89 OK
r-patched-solaris-x86 0.6.8 957.30 NOTE
r-release-linux-x86_64 0.6.8 522.00 217.79 739.79 OK
r-release-macos-x86_64 0.6.8 NOTE
r-release-windows-ix86+x86_64 0.6.8 1001.00 386.00 1387.00 NOTE
r-oldrel-macos-x86_64 0.6.8 NOTE

Check Details

Version: 0.6.8
Check: installed package size
Result: NOTE
     installed size is 37.6Mb
     sub-directories of 1Mb or more:
     data 4.2Mb
     doc 1.7Mb
     libs 31.2Mb
Flavors: r-devel-linux-x86_64-fedora-clang, r-patched-solaris-x86, r-release-macos-x86_64, r-release-windows-ix86+x86_64, r-oldrel-macos-x86_64