CRAN Package Check Results for Package dynatop

Last updated on 2023-01-29 19:54:02 CET.

Flavor Version Tinstall Tcheck Ttotal Status Flags
r-devel-linux-x86_64-debian-clang 0.2.3 43.89 77.69 121.58 OK
r-devel-linux-x86_64-debian-gcc 0.2.3 38.52 60.06 98.58 NOTE
r-devel-linux-x86_64-fedora-clang 0.2.3 180.42 OK
r-devel-linux-x86_64-fedora-gcc 0.2.3 183.39 NOTE
r-devel-windows-x86_64 0.2.3 82.00 148.00 230.00 NOTE
r-patched-linux-x86_64 0.2.3 42.21 76.52 118.73 OK
r-release-linux-x86_64 0.2.3 42.58 70.95 113.53 OK
r-release-macos-arm64 0.2.3 58.00 OK
r-release-macos-x86_64 0.2.3 66.00 OK
r-release-windows-x86_64 0.2.3 56.00 157.00 213.00 OK
r-oldrel-macos-arm64 0.2.3 62.00 OK
r-oldrel-macos-x86_64 0.2.3 71.00 OK
r-oldrel-windows-ix86+x86_64 0.2.3 116.00 176.00 292.00 OK

Check Details

Version: 0.2.3
Check: C++ specification
Result: NOTE
     Specified C++11: please update to current default of C++17
Flavors: r-devel-linux-x86_64-debian-gcc, r-devel-linux-x86_64-fedora-gcc, r-devel-windows-x86_64