CRAN Package Check Results for Package dynr

Last updated on 2021-12-08 19:51:29 CET.

Flavor Version Tinstall Tcheck Ttotal Status Flags
r-devel-linux-x86_64-debian-clang 0.1.16-27 38.09 202.32 240.41 OK
r-devel-linux-x86_64-debian-gcc 0.1.16-27 23.41 153.08 176.49 OK
r-devel-linux-x86_64-fedora-clang 0.1.16-27 363.73 NOTE
r-devel-linux-x86_64-fedora-gcc 0.1.16-27 345.42 NOTE
r-devel-windows-x86_64-new-UL 0.1.16-27 81.00 389.00 470.00 NOTE
r-devel-windows-x86_64-new-TK 0.1.16-27 NOTE
r-devel-windows-x86_64-old 0.1.16-27 56.00 255.00 311.00 NOTE
r-patched-linux-x86_64 0.1.16-27 37.67 192.91 230.58 OK
r-release-linux-x86_64 0.1.16-27 31.22 194.29 225.51 OK
r-release-macos-arm64 0.1.16-27 NOTE
r-release-macos-x86_64 0.1.16-27 NOTE
r-release-windows-ix86+x86_64 0.1.16-27 62.00 305.00 367.00 NOTE
r-oldrel-macos-x86_64 0.1.16-27 NOTE
r-oldrel-windows-ix86+x86_64 0.1.16-27 93.00 292.00 385.00 NOTE

Check Details

Version: 0.1.16-27
Check: installed package size
Result: NOTE
     installed size is 5.7Mb
     sub-directories of 1Mb or more:
     data 2.5Mb
     doc 1.5Mb
Flavors: r-devel-linux-x86_64-fedora-clang, r-devel-windows-x86_64-new-UL, r-devel-windows-x86_64-old, r-release-macos-arm64, r-release-macos-x86_64, r-release-windows-ix86+x86_64, r-oldrel-macos-x86_64, r-oldrel-windows-ix86+x86_64

Version: 0.1.16-27
Check: dependencies in R code
Result: NOTE
    Namespace in Imports field not imported from: ‘Rdpack’
     All declared Imports should be used.
Flavors: r-devel-linux-x86_64-fedora-clang, r-devel-linux-x86_64-fedora-gcc, r-devel-windows-x86_64-new-TK, r-release-macos-arm64, r-release-macos-x86_64, r-oldrel-macos-x86_64