CRAN Package Check Results for Package dynsim

Last updated on 2024-07-15 21:51:57 CEST.

Flavor Version Tinstall Tcheck Ttotal Status Flags
r-devel-linux-x86_64-debian-clang 1.2.3 5.43 52.58 58.01 NOTE
r-devel-linux-x86_64-debian-gcc 1.2.3 4.59 40.18 44.77 NOTE
r-devel-linux-x86_64-fedora-clang 1.2.3 73.98 NOTE
r-devel-linux-x86_64-fedora-gcc 1.2.3 69.06 NOTE
r-devel-windows-x86_64 1.2.3 7.00 61.00 68.00 NOTE
r-patched-linux-x86_64 1.2.3 8.67 50.96 59.63 NOTE
r-release-linux-x86_64 1.2.3 4.15 52.39 56.54 NOTE
r-release-macos-arm64 1.2.3 26.00 NOTE
r-release-macos-x86_64 1.2.3 42.00 NOTE
r-release-windows-x86_64 1.2.3 6.00 60.00 66.00 NOTE
r-oldrel-macos-arm64 1.2.3 27.00 OK
r-oldrel-macos-x86_64 1.2.3 37.00 OK
r-oldrel-windows-x86_64 1.2.3 8.00 67.00 75.00 OK

Check Details

Version: 1.2.3
Check: Rd files
Result: NOTE checkRd: (-1) dynsim.Rd:48: Lost braces in \itemize; \value handles \item{}{} directly checkRd: (-1) dynsim.Rd:49: Lost braces in \itemize; \value handles \item{}{} directly checkRd: (-1) dynsim.Rd:50-51: Lost braces in \itemize; \value handles \item{}{} directly checkRd: (-1) dynsim.Rd:52: Lost braces in \itemize; \value handles \item{}{} directly checkRd: (-1) dynsim.Rd:53-54: Lost braces in \itemize; \value handles \item{}{} directly checkRd: (-1) dynsim.Rd:55-56: Lost braces in \itemize; \value handles \item{}{} directly checkRd: (-1) dynsim.Rd:57-58: Lost braces in \itemize; \value handles \item{}{} directly checkRd: (-1) dynsim.Rd:59-60: Lost braces in \itemize; \value handles \item{}{} directly Flavors: r-devel-linux-x86_64-debian-clang, r-devel-linux-x86_64-debian-gcc, r-devel-linux-x86_64-fedora-clang, r-devel-linux-x86_64-fedora-gcc, r-devel-windows-x86_64, r-patched-linux-x86_64, r-release-linux-x86_64, r-release-macos-arm64, r-release-macos-x86_64, r-release-windows-x86_64

Version: 1.2.3
Check: Rd cross-references
Result: NOTE Found the following Rd file(s) with Rd \link{} targets missing package anchors: dynsimGG.Rd: scale_colour_brewer, discrete_scale Please provide package anchors for all Rd \link{} targets not in the package itself and the base packages. Flavor: r-devel-windows-x86_64