CRAN Package Check Results for Package dynutils

Last updated on 2021-04-17 21:48:52 CEST.

Flavor Version Tinstall Tcheck Ttotal Status Flags
r-devel-linux-x86_64-debian-clang 1.0.6 36.83 346.06 382.89 NOTE
r-devel-linux-x86_64-debian-gcc 1.0.6 24.25 282.28 306.53 NOTE
r-devel-linux-x86_64-fedora-clang 1.0.6 486.06 NOTE
r-devel-linux-x86_64-fedora-gcc 1.0.6 517.74 NOTE
r-devel-windows-ix86+x86_64 1.0.6 82.00 310.00 392.00 NOTE
r-devel-windows-x86_64-gcc10-UCRT 1.0.6 NOTE
r-patched-linux-x86_64 1.0.6 29.33 371.31 400.64 OK
r-patched-solaris-x86 1.0.6 945.60 ERROR
r-release-linux-x86_64 1.0.6 28.74 370.41 399.15 OK
r-release-macos-x86_64 1.0.6 OK
r-release-windows-ix86+x86_64 1.0.6 81.00 317.00 398.00 OK
r-oldrel-macos-x86_64 1.0.6 OK
r-oldrel-windows-ix86+x86_64 1.0.6 50.00 335.00 385.00 OK

Additional issues

ATLAS

Check Details

Version: 1.0.6
Check: LazyData
Result: NOTE
     'LazyData' is specified without a 'data' directory
Flavors: r-devel-linux-x86_64-debian-clang, r-devel-linux-x86_64-debian-gcc, r-devel-linux-x86_64-fedora-clang, r-devel-linux-x86_64-fedora-gcc, r-devel-windows-ix86+x86_64, r-devel-windows-x86_64-gcc10-UCRT

Version: 1.0.6
Check: tests
Result: ERROR
     Running ‘testthat.R’ [734s/219s]
    Running the tests in ‘tests/testthat.R’ failed.
    Complete output:
     > library(testthat)
     >
     > test_check("dynutils")
     Loading required package: dynutils
    
     Attaching package: 'dynutils'
    
     The following object is masked from 'package:testthat':
    
     has_names
    
     ❌ Unable to read hdf5 files
     ══ Failed tests ════════════════════════════════════════════════════════════════
     ── Error (test-h5.R:11:3): write_h5 and read_h5 works ──────────────────────────
     Error: HDF5-API Errors:
     error #000: H5T.c in H5Tget_class(): line 1876: not a datatype
     class: HDF5
     major: Invalid arguments to routine
     minor: Inappropriate type
    
     Backtrace:
     █
     1. └─dynutils::read_h5(file) test-h5.R:11:2
     2. └─dynutils::read_h5_(file_h5)
     3. └─hdf5r::h5attr(file_h5, "object_class")
     4. └─attr_obj$read()
     5. └─hdf5r:::H5ToR_Pre(mem_type, nelem)
     ── Error (test-h5.R:17:3): test_h5_installation works ──────────────────────────
     Error: HDF5-API Errors:
     error #000: H5T.c in H5Tget_class(): line 1876: not a datatype
     class: HDF5
     major: Invalid arguments to routine
     minor: Inappropriate type
    
     Backtrace:
     █
     1. ├─testthat::expect_true(test_h5_installation()) test-h5.R:17:2
     2. │ └─testthat::quasi_label(enquo(object), label, arg = "object")
     3. │ └─rlang::eval_bare(expr, quo_get_env(quo))
     4. └─dynutils::test_h5_installation()
     5. └─dynutils:::test_h5_installation_read(detailed, file)
     6. └─base::tryCatch(...)
     7. └─base:::tryCatchList(expr, classes, parentenv, handlers)
     8. └─base:::tryCatchOne(expr, names, parentenv, handlers[[1L]])
     9. └─value[[3L]](cond)
    
     [ FAIL 2 | WARN 0 | SKIP 0 | PASS 546 ]
     Error: Test failures
     Execution halted
Flavor: r-patched-solaris-x86