CRAN Package Check Results for Package ePCR

Last updated on 2021-12-01 19:51:35 CET.

Flavor Version Tinstall Tcheck Ttotal Status Flags
r-devel-linux-x86_64-debian-clang 0.9.9-11 12.07 117.53 129.60 OK
r-devel-linux-x86_64-debian-gcc 0.9.9-11 12.84 88.90 101.74 OK
r-devel-linux-x86_64-fedora-clang 0.9.9-11 171.73 NOTE
r-devel-linux-x86_64-fedora-gcc 0.9.9-11 160.38 OK
r-devel-windows-x86_64-new-UL 0.9.9-11 22.00 178.00 200.00 OK
r-devel-windows-x86_64-new-TK 0.9.9-11 OK
r-devel-windows-x86_64-old 0.9.9-11 19.00 125.00 144.00 OK
r-patched-linux-x86_64 0.9.9-11 13.93 112.04 125.97 OK
r-patched-solaris-x86 0.9.9-11 230.00 NOTE
r-release-linux-x86_64 0.9.9-11 12.88 111.69 124.57 OK
r-release-macos-arm64 0.9.9-11 OK
r-release-macos-x86_64 0.9.9-11 OK
r-release-windows-ix86+x86_64 0.9.9-11 31.00 117.00 148.00 OK
r-oldrel-macos-x86_64 0.9.9-11 OK
r-oldrel-windows-ix86+x86_64 0.9.9-11 23.00 135.00 158.00 OK

Check Details

Version: 0.9.9-11
Check: installed package size
Result: NOTE
     installed size is 5.0Mb
     sub-directories of 1Mb or more:
     data 4.3Mb
Flavors: r-devel-linux-x86_64-fedora-clang, r-patched-solaris-x86