CRAN Package Check Results for Package earlyR

Last updated on 2021-11-28 19:48:50 CET.

Flavor Version Tinstall Tcheck Ttotal Status Flags
r-devel-linux-x86_64-debian-clang 0.0.5 NOTE
r-devel-linux-x86_64-debian-gcc 0.0.5 3.66 56.07 59.73 NOTE
r-devel-linux-x86_64-fedora-clang 0.0.5 103.31 NOTE
r-devel-linux-x86_64-fedora-gcc 0.0.5 92.74 NOTE
r-devel-windows-x86_64-new-UL 0.0.5 8.00 123.00 131.00 NOTE
r-devel-windows-x86_64-new-TK 0.0.5 NOTE
r-devel-windows-x86_64-old 0.0.5 12.00 110.00 122.00 NOTE
r-patched-linux-x86_64 0.0.5 5.02 67.57 72.59 NOTE
r-patched-solaris-x86 0.0.5 102.80 NOTE
r-release-linux-x86_64 0.0.5 4.93 68.07 73.00 NOTE
r-release-macos-arm64 0.0.5 NOTE
r-release-macos-x86_64 0.0.5 NOTE
r-release-windows-ix86+x86_64 0.0.5 15.00 100.00 115.00 NOTE
r-oldrel-macos-x86_64 0.0.5 OK
r-oldrel-windows-ix86+x86_64 0.0.5 17.00 129.00 146.00 OK

Check Details

Version: 0.0.5
Check: LazyData
Result: NOTE
     'LazyData' is specified without a 'data' directory
Flavors: r-devel-linux-x86_64-debian-clang, r-devel-linux-x86_64-debian-gcc, r-devel-linux-x86_64-fedora-clang, r-devel-linux-x86_64-fedora-gcc, r-devel-windows-x86_64-new-UL, r-devel-windows-x86_64-new-TK, r-devel-windows-x86_64-old, r-patched-linux-x86_64, r-patched-solaris-x86, r-release-linux-x86_64, r-release-macos-arm64, r-release-macos-x86_64, r-release-windows-ix86+x86_64