CRAN Package Check Results for Package earthdatalogin

Last updated on 2025-04-24 22:49:36 CEST.

Flavor Version Tinstall Tcheck Ttotal Status Flags
r-devel-linux-x86_64-debian-clang 0.0.2 2.32 30.74 33.06 NOTE
r-devel-linux-x86_64-debian-gcc 0.0.2 1.59 24.85 26.44 NOTE
r-devel-linux-x86_64-fedora-clang 0.0.2 52.26 NOTE
r-devel-linux-x86_64-fedora-gcc 0.0.2 67.05 NOTE
r-devel-windows-x86_64 0.0.2 4.00 54.00 58.00 NOTE
r-patched-linux-x86_64 0.0.2 2.56 30.19 32.75 NOTE
r-release-linux-x86_64 0.0.2 2.25 29.90 32.15 NOTE
r-release-macos-arm64 0.0.2 33.00 NOTE
r-release-macos-x86_64 0.0.2 56.00 NOTE
r-release-windows-x86_64 0.0.2 4.00 56.00 60.00 NOTE
r-oldrel-macos-arm64 0.0.2 32.00 OK
r-oldrel-macos-x86_64 0.0.2 42.00 OK
r-oldrel-windows-x86_64 0.0.2 5.00 58.00 63.00 OK

Check Details

Version: 0.0.2
Check: DESCRIPTION meta-information
Result: NOTE Missing dependency on R >= 4.1.0 because package code uses the pipe |> or function shorthand \(...) syntax added in R 4.1.0. File(s) using such syntax: ‘edl_set_token.R’ Flavors: r-devel-linux-x86_64-debian-clang, r-devel-linux-x86_64-debian-gcc, r-devel-linux-x86_64-fedora-clang, r-devel-linux-x86_64-fedora-gcc, r-devel-windows-x86_64, r-patched-linux-x86_64, r-release-linux-x86_64, r-release-macos-arm64, r-release-macos-x86_64, r-release-windows-x86_64