Last updated on 2022-05-20 21:52:49 CEST.
Flavor | Version | Tinstall | Tcheck | Ttotal | Status | Flags |
---|---|---|---|---|---|---|
r-devel-linux-x86_64-debian-clang | 1.0 | 43.23 | 404.95 | 448.18 | OK | |
r-devel-linux-x86_64-debian-gcc | 1.0 | 35.47 | 298.27 | 333.74 | OK | |
r-devel-linux-x86_64-fedora-clang | 1.0 | 557.09 | NOTE | |||
r-devel-linux-x86_64-fedora-gcc | 1.0 | 556.90 | NOTE | |||
r-devel-windows-x86_64 | 1.0 | 190.00 | 928.00 | 1118.00 | OK | |
r-patched-linux-x86_64 | 1.0 | 39.81 | 376.90 | 416.71 | OK | |
r-release-linux-x86_64 | 1.0 | 34.38 | 373.81 | 408.19 | OK | |
r-release-macos-arm64 | 1.0 | 12.00 | ERROR | |||
r-release-macos-x86_64 | 1.0 | 6.00 | ERROR | |||
r-release-windows-x86_64 | 1.0 | 315.00 | 993.00 | 1308.00 | OK | |
r-oldrel-macos-arm64 | 1.0 | 6.00 | ERROR | |||
r-oldrel-macos-x86_64 | 1.0 | 8.00 | ERROR | |||
r-oldrel-windows-ix86+x86_64 | 1.0 | 90.00 | 399.00 | 489.00 | OK |
Version: 1.0
Check: dependencies in R code
Result: NOTE
Namespaces in Imports field not imported from:
‘R.utils’ ‘stringi’
All declared Imports should be used.
Flavors: r-devel-linux-x86_64-fedora-clang, r-devel-linux-x86_64-fedora-gcc
Version: 1.0
Check: package dependencies
Result: ERROR
Package required but not available: ‘diffcoexp’
See section ‘The DESCRIPTION file’ in the ‘Writing R Extensions’
manual.
Flavors: r-release-macos-arm64, r-release-macos-x86_64, r-oldrel-macos-arm64, r-oldrel-macos-x86_64