Last updated on 2023-01-30 19:54:43 CET.
Flavor | Version | Tinstall | Tcheck | Ttotal | Status | Flags |
---|---|---|---|---|---|---|
r-devel-linux-x86_64-debian-clang | 1.0.0 | 7.14 | 61.45 | 68.59 | OK | |
r-devel-linux-x86_64-debian-gcc | 1.0.0 | 5.24 | 44.44 | 49.68 | OK | |
r-devel-linux-x86_64-fedora-clang | 1.0.0 | 84.97 | NOTE | |||
r-devel-linux-x86_64-fedora-gcc | 1.0.0 | 85.21 | NOTE | |||
r-devel-windows-x86_64 | 1.0.0 | 54.00 | 106.00 | 160.00 | OK | |
r-patched-linux-x86_64 | 1.0.0 | 12.05 | 57.99 | 70.04 | OK | |
r-release-linux-x86_64 | 1.0.0 | 5.92 | 57.08 | 63.00 | OK | |
r-release-macos-arm64 | 1.0.0 | 27.00 | NOTE | |||
r-release-macos-x86_64 | 1.0.0 | 39.00 | NOTE | |||
r-release-windows-x86_64 | 1.0.0 | 43.00 | 92.00 | 135.00 | OK | |
r-oldrel-macos-arm64 | 1.0.0 | 28.00 | NOTE | |||
r-oldrel-macos-x86_64 | 1.0.0 | 42.00 | NOTE | |||
r-oldrel-windows-ix86+x86_64 | 1.0.0 | 16.00 | 84.00 | 100.00 | OK |
Version: 1.0.0
Check: data for non-ASCII characters
Result: NOTE
Note: found 10 marked UTF-8 strings
Flavors: r-devel-linux-x86_64-fedora-clang, r-devel-linux-x86_64-fedora-gcc, r-release-macos-arm64, r-release-macos-x86_64, r-oldrel-macos-arm64, r-oldrel-macos-x86_64