CRAN Package Check Results for Package easyr

Last updated on 2021-04-17 21:48:53 CEST.

Flavor Version Tinstall Tcheck Ttotal Status Flags
r-devel-linux-x86_64-debian-clang 0.5-3 6.70 63.71 70.41 OK
r-devel-linux-x86_64-debian-gcc 0.5-3 5.20 48.62 53.82 OK
r-devel-linux-x86_64-fedora-clang 0.5-3 90.35 NOTE
r-devel-linux-x86_64-fedora-gcc 0.5-3 100.00 NOTE
r-devel-windows-ix86+x86_64 0.5-3 12.00 96.00 108.00 OK
r-devel-windows-x86_64-gcc10-UCRT 0.5-3 NOTE
r-patched-linux-x86_64 0.5-3 6.15 59.95 66.10 OK
r-patched-solaris-x86 0.5-3 112.40 NOTE
r-release-linux-x86_64 0.5-3 5.01 59.85 64.86 OK
r-release-macos-x86_64 0.5-3 NOTE
r-release-windows-ix86+x86_64 0.5-3 13.00 119.00 132.00 OK
r-oldrel-macos-x86_64 0.5-3 NOTE
r-oldrel-windows-ix86+x86_64 0.5-3 7.00 163.00 170.00 OK

Check Details

Version: 0.5-3
Check: dependencies in R code
Result: NOTE
    Namespace in Imports field not imported from: ‘rprojroot’
     All declared Imports should be used.
Flavors: r-devel-linux-x86_64-fedora-clang, r-devel-linux-x86_64-fedora-gcc, r-devel-windows-x86_64-gcc10-UCRT, r-patched-solaris-x86, r-release-macos-x86_64, r-oldrel-macos-x86_64