CRAN Package Check Results for Package eat

Last updated on 2021-06-21 21:51:17 CEST.

Flavor Version Tinstall Tcheck Ttotal Status Flags
r-devel-linux-x86_64-debian-clang 0.1.0 14.45 128.14 142.59 OK
r-devel-linux-x86_64-debian-gcc 0.1.0 11.31 93.88 105.19 OK
r-devel-linux-x86_64-fedora-clang 0.1.0 176.94 NOTE
r-devel-linux-x86_64-fedora-gcc 0.1.0 165.70 NOTE
r-devel-windows-x86_64 0.1.0 21.00 138.00 159.00 OK
r-devel-windows-x86_64-gcc10-UCRT 0.1.0 NOTE
r-patched-linux-x86_64 0.1.0 15.64 121.35 136.99 OK
r-patched-solaris-x86 0.1.0 227.40 NOTE
r-release-linux-x86_64 0.1.0 9.46 122.56 132.02 OK
r-release-macos-arm64 0.1.0 NOTE
r-release-macos-x86_64 0.1.0 NOTE
r-release-windows-ix86+x86_64 0.1.0 32.00 163.00 195.00 OK
r-oldrel-macos-x86_64 0.1.0 NOTE

Check Details

Version: 0.1.0
Check: dependencies in R code
Result: NOTE
    Namespace in Imports field not imported from: ‘knitr’
     All declared Imports should be used.
Flavors: r-devel-linux-x86_64-fedora-clang, r-devel-linux-x86_64-fedora-gcc, r-devel-windows-x86_64-gcc10-UCRT, r-patched-solaris-x86, r-release-macos-arm64, r-release-macos-x86_64, r-oldrel-macos-x86_64

Version: 0.1.0
Check: package dependencies
Result: NOTE
    Packages suggested but not available for checking:
     'kableExtra', 'usethis', 'devtools'
Flavor: r-devel-windows-x86_64-gcc10-UCRT