CRAN Package Check Results for Package ebal

Last updated on 2022-01-28 19:50:53 CET.

Flavor Version Tinstall Tcheck Ttotal Status Flags
r-devel-linux-x86_64-debian-clang 0.1-6 1.92 30.19 32.11 NOTE
r-devel-linux-x86_64-debian-gcc 0.1-6 1.72 23.83 25.55 NOTE
r-devel-linux-x86_64-fedora-clang 0.1-6 41.04 NOTE
r-devel-linux-x86_64-fedora-gcc 0.1-6 30.60 NOTE
r-devel-windows-x86_64-new-UL 0.1-6 13.00 44.00 57.00 NOTE
r-devel-windows-x86_64-new-TK 0.1-6 NOTE
r-patched-linux-x86_64 0.1-6 2.00 28.52 30.52 NOTE
r-release-linux-x86_64 0.1-6 1.90 28.95 30.85 NOTE
r-release-macos-arm64 0.1-6 NOTE
r-release-macos-x86_64 0.1-6 NOTE
r-release-windows-ix86+x86_64 0.1-6 5.00 26.00 31.00 NOTE
r-oldrel-macos-x86_64 0.1-6 NOTE
r-oldrel-windows-ix86+x86_64 0.1-6 4.00 28.00 32.00 NOTE

Check Details

Version: 0.1-6
Check: R code for possible problems
Result: NOTE
    eb: no visible global function definition for 'optimize'
    ebalance: no visible global function definition for 'var'
    Undefined global functions or variables:
     optimize var
    Consider adding
     importFrom("stats", "optimize", "var")
    to your NAMESPACE file.
Flavors: r-devel-linux-x86_64-debian-clang, r-devel-linux-x86_64-debian-gcc, r-devel-linux-x86_64-fedora-clang, r-devel-linux-x86_64-fedora-gcc, r-devel-windows-x86_64-new-UL, r-devel-windows-x86_64-new-TK, r-patched-linux-x86_64, r-release-linux-x86_64, r-release-macos-arm64, r-release-macos-x86_64, r-release-windows-ix86+x86_64, r-oldrel-macos-x86_64, r-oldrel-windows-ix86+x86_64