CRAN Package Check Results for Package echarty

Last updated on 2021-11-30 19:51:22 CET.

Flavor Version Tinstall Tcheck Ttotal Status Flags
r-devel-linux-x86_64-debian-clang 1.4.2 6.51 58.80 65.31 OK
r-devel-linux-x86_64-debian-gcc 1.4.2 4.26 43.65 47.91 OK
r-devel-linux-x86_64-fedora-clang 1.4.2 89.48 OK
r-devel-linux-x86_64-fedora-gcc 1.4.2 75.61 OK
r-devel-windows-x86_64-new-UL 1.4.2 15.00 110.00 125.00 OK
r-devel-windows-x86_64-new-TK 1.4.2 OK
r-devel-windows-x86_64-old 1.4.2 11.00 58.00 69.00 OK
r-patched-linux-x86_64 1.4.2 5.97 53.95 59.92 OK
r-patched-solaris-x86 1.4.2 107.40 NOTE
r-release-linux-x86_64 1.4.2 6.47 54.84 61.31 OK
r-release-macos-arm64 1.4.2 OK
r-release-macos-x86_64 1.4.2 OK
r-release-windows-ix86+x86_64 1.4.2 17.00 56.00 73.00 OK
r-oldrel-macos-x86_64 1.4.1 ERROR
r-oldrel-windows-ix86+x86_64 1.4.0 10.00 77.00 87.00 OK

Additional issues

ATLAS

Check Details

Version: 1.4.2
Check: for detritus in the temp directory
Result: NOTE
    Found the following files/directories:
     ‘orbit-ripley’
Flavor: r-patched-solaris-x86

Version: 1.4.1
Check: for unstated dependencies in examples
Result: WARN
    Warning: parse error in file 'lines':
    13: unexpected '>'
    21: emoji = c('\U0001F33B','\U0001F335','\U0001F33A'))
    22: df <- iris |>
     ^
Flavor: r-oldrel-macos-x86_64

Version: 1.4.1
Check: examples
Result: ERROR
    Running examples in ‘echarty-Ex.R’ failed
    The error most likely occurred in:
    
    > ### Name: ec.clmn
    > ### Title: Data column
    > ### Aliases: ec.clmn
    >
    > ### ** Examples
    >
    > tmp <- data.frame(Species = as.vector(unique(iris$Species)),
    + emoji = c('\U0001F33B','\U0001F335','\U0001F33A'))
    > df <- iris |> dplyr::inner_join(tmp) # add 6th column 'emoji'
    Error: unexpected '>' in "df <- iris |>"
    Execution halted
Flavor: r-oldrel-macos-x86_64

Version: 1.4.1
Check: tests
Result: ERROR
     Running ‘testthat.R’ [1s/1s]
    Running the tests in ‘tests/testthat.R’ failed.
    Complete output:
     > library(testthat)
     > library(echarty)
     >
     > test_check("echarty")
     Error in parse(con, n = -1, srcfile = srcfile, encoding = "UTF-8") :
     test-other.R:19:16: unexpected '>'
     18: test_that("tl.series and timeline options", {
     19: p <- Orange |>
     ^
     Calls: test_check ... doTryCatch -> lapply -> FUN -> source_file -> parse
     Execution halted
Flavor: r-oldrel-macos-x86_64