CRAN Package Check Results for Package ecr

Last updated on 2021-04-20 21:51:36 CEST.

Flavor Version Tinstall Tcheck Ttotal Status Flags
r-devel-linux-x86_64-debian-clang 2.1.0 14.47 87.93 102.40 NOTE
r-devel-linux-x86_64-debian-gcc 2.1.0 10.33 68.40 78.73 NOTE
r-devel-linux-x86_64-fedora-clang 2.1.0 130.74 NOTE
r-devel-linux-x86_64-fedora-gcc 2.1.0 121.64 NOTE
r-devel-windows-ix86+x86_64 2.1.0 31.00 96.00 127.00 NOTE
r-devel-windows-x86_64-gcc10-UCRT 2.1.0 NOTE
r-patched-linux-x86_64 2.1.0 14.70 83.63 98.33 OK
r-patched-solaris-x86 2.1.0 181.60 OK
r-release-linux-x86_64 2.1.0 11.89 82.44 94.33 OK
r-release-macos-x86_64 2.1.0 OK
r-release-windows-ix86+x86_64 2.1.0 36.00 137.00 173.00 OK
r-oldrel-macos-x86_64 2.1.0 OK
r-oldrel-windows-ix86+x86_64 2.1.0 33.00 126.00 159.00 OK

Check Details

Version: 2.1.0
Check: LazyData
Result: NOTE
     'LazyData' is specified without a 'data' directory
Flavors: r-devel-linux-x86_64-debian-clang, r-devel-linux-x86_64-debian-gcc, r-devel-linux-x86_64-fedora-clang, r-devel-linux-x86_64-fedora-gcc, r-devel-windows-ix86+x86_64, r-devel-windows-x86_64-gcc10-UCRT