CRAN Package Check Results for Package ecr

Last updated on 2022-01-27 19:50:57 CET.

Flavor Version Tinstall Tcheck Ttotal Status Flags
r-devel-linux-x86_64-debian-clang 2.1.0 16.15 103.61 119.76 NOTE
r-devel-linux-x86_64-debian-gcc 2.1.0 10.20 78.56 88.76 NOTE
r-devel-linux-x86_64-fedora-clang 2.1.0 138.54 NOTE
r-devel-linux-x86_64-fedora-gcc 2.1.0 137.60 NOTE
r-devel-windows-x86_64-new-UL 2.1.0 92.00 131.00 223.00 NOTE
r-devel-windows-x86_64-new-TK 2.1.0 NOTE
r-patched-linux-x86_64 2.1.0 11.52 93.55 105.07 NOTE
r-release-linux-x86_64 2.1.0 8.76 93.46 102.22 NOTE
r-release-macos-arm64 2.1.0 NOTE
r-release-macos-x86_64 2.1.0 NOTE
r-release-windows-ix86+x86_64 2.1.0 36.00 131.00 167.00 NOTE
r-oldrel-macos-x86_64 2.1.0 OK
r-oldrel-windows-ix86+x86_64 2.1.0 35.00 133.00 168.00 OK

Check Details

Version: 2.1.0
Check: LazyData
Result: NOTE
     'LazyData' is specified without a 'data' directory
Flavors: r-devel-linux-x86_64-debian-clang, r-devel-linux-x86_64-debian-gcc, r-devel-linux-x86_64-fedora-clang, r-devel-linux-x86_64-fedora-gcc, r-devel-windows-x86_64-new-UL, r-devel-windows-x86_64-new-TK, r-patched-linux-x86_64, r-release-linux-x86_64, r-release-macos-arm64, r-release-macos-x86_64, r-release-windows-ix86+x86_64