Last updated on 2023-05-29 22:04:18 CEST.
Flavor | Version | Tinstall | Tcheck | Ttotal | Status | Flags |
---|---|---|---|---|---|---|
r-devel-linux-x86_64-debian-clang | 1.2.1 | 3.32 | 51.57 | 54.89 | NOTE | |
r-devel-linux-x86_64-debian-gcc | 1.2.1 | 4.16 | 39.45 | 43.61 | NOTE | |
r-devel-linux-x86_64-fedora-clang | 1.2.1 | 68.33 | NOTE | |||
r-devel-linux-x86_64-fedora-gcc | 1.2.1 | 75.79 | NOTE | |||
r-devel-windows-x86_64 | 1.2.1 | 6.00 | 56.00 | 62.00 | NOTE | |
r-patched-linux-x86_64 | 1.2.1 | 4.87 | 49.97 | 54.84 | NOTE | |
r-release-linux-x86_64 | 1.2.1 | 4.35 | 48.69 | 53.04 | NOTE | |
r-release-macos-arm64 | 1.2.1 | 29.00 | NOTE | |||
r-release-macos-x86_64 | 1.2.1 | 46.00 | NOTE | |||
r-release-windows-x86_64 | 1.2.1 | 6.00 | 63.00 | 69.00 | NOTE | |
r-oldrel-macos-arm64 | 1.2.1 | 23.00 | NOTE | |||
r-oldrel-macos-x86_64 | 1.2.1 | 34.00 | NOTE | |||
r-oldrel-windows-x86_64 | 1.2.1 | 7.00 | 66.00 | 73.00 | NOTE |
Version: 1.2.1
Check: LazyData
Result: NOTE
'LazyData' is specified without a 'data' directory
Flavors: r-devel-linux-x86_64-debian-clang, r-devel-linux-x86_64-debian-gcc, r-devel-linux-x86_64-fedora-clang, r-devel-linux-x86_64-fedora-gcc, r-devel-windows-x86_64, r-patched-linux-x86_64, r-release-linux-x86_64, r-release-macos-arm64, r-release-macos-x86_64, r-release-windows-x86_64, r-oldrel-macos-arm64, r-oldrel-macos-x86_64, r-oldrel-windows-x86_64