CRAN Package Check Results for Package edfReader

Last updated on 2022-01-18 19:51:05 CET.

Flavor Version Tinstall Tcheck Ttotal Status Flags
r-devel-linux-x86_64-debian-clang 1.2.1 4.43 55.85 60.28 NOTE
r-devel-linux-x86_64-debian-gcc 1.2.1 3.27 44.35 47.62 NOTE
r-devel-linux-x86_64-fedora-clang 1.2.1 70.72 NOTE
r-devel-linux-x86_64-fedora-gcc 1.2.1 61.25 NOTE
r-devel-windows-x86_64-new-UL 1.2.1 115.00 85.00 200.00 NOTE
r-devel-windows-x86_64-new-TK 1.2.1 NOTE
r-patched-linux-x86_64 1.2.1 4.49 54.67 59.16 NOTE
r-release-linux-x86_64 1.2.1 NOTE
r-release-macos-arm64 1.2.1 NOTE
r-release-macos-x86_64 1.2.1 NOTE
r-release-windows-ix86+x86_64 1.2.1 10.00 60.00 70.00 NOTE
r-oldrel-macos-x86_64 1.2.1 OK
r-oldrel-windows-ix86+x86_64 1.2.1 9.00 59.00 68.00 OK

Check Details

Version: 1.2.1
Check: LazyData
Result: NOTE
     'LazyData' is specified without a 'data' directory
Flavors: r-devel-linux-x86_64-debian-clang, r-devel-linux-x86_64-debian-gcc, r-devel-linux-x86_64-fedora-clang, r-devel-linux-x86_64-fedora-gcc, r-devel-windows-x86_64-new-UL, r-devel-windows-x86_64-new-TK, r-patched-linux-x86_64, r-release-linux-x86_64, r-release-macos-arm64, r-release-macos-x86_64, r-release-windows-ix86+x86_64