CRAN Package Check Results for Package edina

Last updated on 2024-02-22 19:55:31 CET.

Flavor Version Tinstall Tcheck Ttotal Status Flags
r-devel-linux-x86_64-debian-clang 0.1.1 NOTE
r-devel-linux-x86_64-debian-gcc 0.1.1 34.00 42.80 76.80 NOTE
r-devel-linux-x86_64-fedora-clang 0.1.1 137.44 NOTE
r-devel-linux-x86_64-fedora-gcc 0.1.1 134.51 NOTE
r-devel-windows-x86_64 0.1.1 36.00 84.00 120.00 NOTE
r-patched-linux-x86_64 0.1.1 41.56 55.28 96.84 NOTE
r-release-linux-x86_64 0.1.1 44.76 55.73 100.49 NOTE
r-release-macos-arm64 0.1.1 39.00 NOTE
r-release-macos-x86_64 0.1.1 63.00 NOTE
r-release-windows-x86_64 0.1.1 44.00 95.00 139.00 NOTE
r-oldrel-macos-arm64 0.1.1 40.00 NOTE
r-oldrel-windows-x86_64 0.1.1 44.00 95.00 139.00 NOTE

Check Details

Version: 0.1.1
Check: C++ specification
Result: NOTE Specified C++11: please drop specification unless essential Flavors: r-devel-linux-x86_64-debian-clang, r-devel-linux-x86_64-debian-gcc, r-devel-linux-x86_64-fedora-clang, r-devel-linux-x86_64-fedora-gcc, r-devel-windows-x86_64, r-patched-linux-x86_64, r-release-linux-x86_64, r-release-macos-arm64, r-release-macos-x86_64, r-release-windows-x86_64

Version: 0.1.1
Check: LazyData
Result: NOTE 'LazyData' is specified without a 'data' directory Flavors: r-devel-linux-x86_64-debian-clang, r-devel-linux-x86_64-debian-gcc, r-devel-linux-x86_64-fedora-clang, r-devel-linux-x86_64-fedora-gcc, r-devel-windows-x86_64, r-patched-linux-x86_64, r-release-linux-x86_64, r-release-macos-arm64, r-release-macos-x86_64, r-release-windows-x86_64, r-oldrel-macos-arm64, r-oldrel-windows-x86_64