CRAN Package Check Results for Package educationdata

Last updated on 2021-12-07 19:49:43 CET.

Flavor Version Tinstall Tcheck Ttotal Status Flags
r-devel-linux-x86_64-debian-clang 0.1.1 2.68 54.46 57.14 OK
r-devel-linux-x86_64-debian-gcc 0.1.1 2.32 42.53 44.85 OK
r-devel-linux-x86_64-fedora-clang 0.1.1 70.58 OK
r-devel-linux-x86_64-fedora-gcc 0.1.1 58.98 OK
r-devel-windows-x86_64-new-UL 0.1.1 9.00 459.00 468.00 ERROR
r-devel-windows-x86_64-new-TK 0.1.1 OK
r-devel-windows-x86_64-old 0.1.1 5.00 107.00 112.00 OK
r-patched-linux-x86_64 0.1.1 2.71 53.12 55.83 OK
r-release-linux-x86_64 0.1.1 2.96 52.63 55.59 OK
r-release-macos-arm64 0.1.1 OK
r-release-macos-x86_64 0.1.1 OK
r-release-windows-ix86+x86_64 0.1.1 6.00 94.00 100.00 OK
r-oldrel-macos-x86_64 0.1.1 OK
r-oldrel-windows-ix86+x86_64 0.1.1 7.00 101.00 108.00 OK

Additional issues

OpenBLAS

Check Details

Version: 0.1.1
Check: tests
Result: ERROR
     Running 'testthat.R' [298s]
    Running the tests in 'tests/testthat.R' failed.
    Complete output:
     > library(testthat)
     > library(educationdata)
     >
     > test_check("educationdata")
     ══ Failed tests ════════════════════════════════════════════════════════════════
     ── Error (test-summary-endpoints.R:5:3): basic summary endpoints function call returns results ──
     Error in `get_education_data_summary(level = "schools", source = "ccd",
     topic = "enrollment", stat = "sum", var = "enrollment", by = "fips")`: Sorry, but there was an error processing your request.
     Backtrace:
     █
     1. └─educationdata::get_education_data_summary(...) test-summary-endpoints.R:5:2
    
     [ FAIL 1 | WARN 0 | SKIP 0 | PASS 32 ]
     Error: Test failures
     Execution halted
Flavor: r-devel-windows-x86_64-new-UL