CRAN Package Check Results for Package efreadr

Last updated on 2022-01-23 19:48:27 CET.

Flavor Version Tinstall Tcheck Ttotal Status Flags
r-devel-linux-x86_64-debian-clang 0.2.2 4.82 54.02 58.84 NOTE
r-devel-linux-x86_64-debian-gcc 0.2.2 3.85 44.73 48.58 NOTE
r-devel-linux-x86_64-fedora-clang 0.2.2 72.71 NOTE
r-devel-linux-x86_64-fedora-gcc 0.2.2 58.40 NOTE
r-devel-windows-x86_64-new-UL 0.2.2 33.00 75.00 108.00 NOTE
r-devel-windows-x86_64-new-TK 0.2.2 NOTE
r-patched-linux-x86_64 0.2.2 3.88 49.37 53.25 NOTE
r-release-linux-x86_64 0.2.2 4.27 49.91 54.18 NOTE
r-release-macos-arm64 0.2.2 NOTE
r-release-macos-x86_64 0.2.2 NOTE
r-release-windows-ix86+x86_64 0.2.2 11.00 62.00 73.00 NOTE
r-oldrel-macos-x86_64 0.2.2 OK
r-oldrel-windows-ix86+x86_64 0.2.2 12.00 61.00 73.00 OK

Check Details

Version: 0.2.2
Check: LazyData
Result: NOTE
     'LazyData' is specified without a 'data' directory
Flavors: r-devel-linux-x86_64-debian-clang, r-devel-linux-x86_64-debian-gcc, r-devel-linux-x86_64-fedora-clang, r-devel-linux-x86_64-fedora-gcc, r-devel-windows-x86_64-new-UL, r-devel-windows-x86_64-new-TK, r-patched-linux-x86_64, r-release-linux-x86_64, r-release-macos-arm64, r-release-macos-x86_64, r-release-windows-ix86+x86_64