CRAN Package Check Results for Package elaborator

Last updated on 2021-11-30 19:51:22 CET.

Flavor Version Tinstall Tcheck Ttotal Status Flags
r-devel-linux-x86_64-debian-clang 1.1 11.84 84.75 96.59 NOTE
r-devel-linux-x86_64-debian-gcc 1.1 11.51 62.72 74.23 NOTE
r-devel-linux-x86_64-fedora-clang 1.1 128.40 NOTE
r-devel-linux-x86_64-fedora-gcc 1.1 116.58 NOTE
r-devel-windows-x86_64-new-UL 1.1 33.00 127.00 160.00 NOTE
r-devel-windows-x86_64-new-TK 1.1 NOTE
r-devel-windows-x86_64-old 1.1 22.00 76.00 98.00 NOTE
r-patched-linux-x86_64 1.1 12.94 79.02 91.96 NOTE
r-patched-solaris-x86 1.1 159.10 NOTE
r-release-linux-x86_64 1.1 12.47 78.80 91.27 NOTE
r-release-macos-arm64 1.1 NOTE
r-release-macos-x86_64 1.1 NOTE
r-release-windows-ix86+x86_64 1.1 28.00 81.00 109.00 NOTE
r-oldrel-macos-x86_64 1.1 OK
r-oldrel-windows-ix86+x86_64 1.1 20.00 74.00 94.00 OK

Check Details

Version: 1.1
Check: LazyData
Result: NOTE
     'LazyData' is specified without a 'data' directory
Flavors: r-devel-linux-x86_64-debian-clang, r-devel-linux-x86_64-debian-gcc, r-devel-linux-x86_64-fedora-clang, r-devel-linux-x86_64-fedora-gcc, r-devel-windows-x86_64-new-UL, r-devel-windows-x86_64-new-TK, r-devel-windows-x86_64-old, r-patched-linux-x86_64, r-patched-solaris-x86, r-release-linux-x86_64, r-release-macos-arm64, r-release-macos-x86_64, r-release-windows-ix86+x86_64