CRAN Package Check Results for Package electionsBR

Last updated on 2021-11-30 19:51:22 CET.

Flavor Version Tinstall Tcheck Ttotal Status Flags
r-devel-linux-x86_64-debian-clang 0.3.2 5.44 49.09 54.53 NOTE
r-devel-linux-x86_64-debian-gcc 0.3.2 4.18 37.00 41.18 NOTE
r-devel-linux-x86_64-fedora-clang 0.3.2 77.94 NOTE
r-devel-linux-x86_64-fedora-gcc 0.3.2 64.94 NOTE
r-devel-windows-x86_64-new-UL 0.3.2 14.00 96.00 110.00 NOTE
r-devel-windows-x86_64-new-TK 0.3.2 NOTE
r-devel-windows-x86_64-old 0.3.2 9.00 52.00 61.00 NOTE
r-patched-linux-x86_64 0.3.2 6.33 45.04 51.37 NOTE
r-patched-solaris-x86 0.3.2 86.50 NOTE
r-release-linux-x86_64 0.3.2 4.70 45.56 50.26 NOTE
r-release-macos-arm64 0.3.2 NOTE
r-release-macos-x86_64 0.3.2 NOTE
r-release-windows-ix86+x86_64 0.3.2 12.00 50.00 62.00 NOTE
r-oldrel-macos-x86_64 0.3.2 NOTE
r-oldrel-windows-ix86+x86_64 0.3.2 10.00 51.00 61.00 OK

Check Details

Version: 0.3.2
Check: LazyData
Result: NOTE
     'LazyData' is specified without a 'data' directory
Flavors: r-devel-linux-x86_64-debian-clang, r-devel-linux-x86_64-debian-gcc, r-devel-linux-x86_64-fedora-clang, r-devel-linux-x86_64-fedora-gcc, r-devel-windows-x86_64-new-UL, r-devel-windows-x86_64-new-TK, r-devel-windows-x86_64-old, r-patched-linux-x86_64, r-patched-solaris-x86, r-release-linux-x86_64, r-release-macos-arm64, r-release-macos-x86_64, r-release-windows-ix86+x86_64

Version: 0.3.2
Check: dependencies in R code
Result: NOTE
    Namespace in Imports field not imported from: ‘stats’
     All declared Imports should be used.
Flavors: r-devel-linux-x86_64-fedora-clang, r-devel-linux-x86_64-fedora-gcc, r-devel-windows-x86_64-new-TK, r-patched-solaris-x86, r-release-macos-arm64, r-release-macos-x86_64, r-oldrel-macos-x86_64