Last updated on 2025-01-23 20:48:26 CET.
Flavor | Version | Tinstall | Tcheck | Ttotal | Status | Flags |
---|---|---|---|---|---|---|
r-devel-linux-x86_64-debian-clang | 0.9.0 | 99.66 | 26.25 | 125.91 | OK | |
r-devel-linux-x86_64-debian-gcc | 0.9.0 | 76.61 | 30.04 | 106.65 | OK | |
r-devel-linux-x86_64-fedora-clang | 0.9.0 | 221.85 | OK | |||
r-devel-linux-x86_64-fedora-gcc | 0.9.0 | 269.85 | OK | |||
r-devel-windows-x86_64 | 0.9.0 | 96.00 | 77.00 | 173.00 | OK | |
r-patched-linux-x86_64 | 0.9.0 | 103.79 | 36.68 | 140.47 | OK | |
r-release-linux-x86_64 | 0.9.0 | 102.49 | 36.88 | 139.37 | OK | |
r-release-macos-arm64 | 0.9.0 | 59.00 | NOTE | |||
r-release-macos-x86_64 | 0.9.0 | 57.00 | NOTE | |||
r-release-windows-x86_64 | 0.9.0 | 91.00 | 73.00 | 164.00 | OK | |
r-oldrel-macos-arm64 | 0.9.0 | 62.00 | NOTE | |||
r-oldrel-macos-x86_64 | 0.9.0 | 82.00 | NOTE | |||
r-oldrel-windows-x86_64 | 0.9.0 | 110.00 | 86.00 | 196.00 | OK |
Version: 0.9.0
Check: installed package size
Result: NOTE
installed size is 39.2Mb
sub-directories of 1Mb or more:
libs 39.1Mb
Flavors: r-release-macos-arm64, r-release-macos-x86_64, r-oldrel-macos-arm64, r-oldrel-macos-x86_64