CRAN Package Check Results for Package emayili

Last updated on 2022-01-23 19:48:28 CET.

Flavor Version Tinstall Tcheck Ttotal Status Flags
r-devel-linux-x86_64-debian-clang 0.7.0 6.78 87.44 94.22 OK
r-devel-linux-x86_64-debian-gcc 0.7.0 7.10 74.07 81.17 OK
r-devel-linux-x86_64-fedora-clang 0.7.0 116.00 OK
r-devel-linux-x86_64-fedora-gcc 0.7.0 102.23 OK
r-devel-windows-x86_64-new-UL 0.7.0 75.00 188.00 263.00 ERROR
r-devel-windows-x86_64-new-TK 0.7.0 ERROR
r-patched-linux-x86_64 0.7.0 8.16 81.83 89.99 OK
r-release-linux-x86_64 0.7.0 7.13 82.39 89.52 OK
r-release-macos-arm64 0.7.0 OK
r-release-macos-x86_64 0.7.0 OK
r-release-windows-ix86+x86_64 0.7.0 18.00 116.00 134.00 OK
r-oldrel-macos-x86_64 0.7.0 OK
r-oldrel-windows-ix86+x86_64 0.7.0 19.00 115.00 134.00 OK

Check Details

Version: 0.7.0
Check: tests
Result: ERROR
     Running 'testthat.R' [92s]
    Running the tests in 'tests/testthat.R' failed.
    Complete output:
     > library(testthat)
     >
     > test_check("emayili")
     Loading required package: emayili
    
     Attaching package: 'emayili'
    
     The following object is masked from 'package:graphics':
    
     text
    
     The following objects are masked from 'package:base':
    
     local, raw
    
     [ FAIL 1 | WARN 0 | SKIP 13 | PASS 216 ]
    
     ══ Skipped tests ═══════════════════════════════════════════════════════════════
     • On CRAN (11)
     • On Windows (1)
     • suppressWarnings(is.na(smtp_gmail)) is TRUE (1)
    
     ══ Failed tests ════════════════════════════════════════════════════════════════
     ── Failure (test-mime.R:29:3): print ───────────────────────────────────────────
     `print.MIME(mime_txt)` does not match "Content-Type: text/plain;\n name=\"file2b2e048ac1708.txt\"\nContent-Disposition: inline; filename=\"file2b2e048ac1708.txt\"\nContent-Transfer-Encoding: base64\nX-Attachment-Id: ee060a49\nContent-ID: <ee060a49>\nContent-MD5: 7r/PnFfETLz0CFCESunVvA==\n\nU29tZSByYW5kb20gdGV4dC4=".
     Actual value: "Content-Type: text/plain;\r\n name="file2b2e048ac1708.txt"\r\nContent-Disposition: inline; filename="file2b2e048ac1708.txt"\r\nContent-Transfer-Encoding: base64\r\nX-Attachment-Id: ee060a49\r\nContent-ID: <ee060a49>\r\nContent-MD5: 7r/PnFfETLz0CFCESunVvA==\r\n\r\nU29tZSByYW5kb20gdGV4dC4="
     Backtrace:
     █
     1. └─testthat::expect_output(...) test-mime.R:29:2
     2. └─testthat::expect_match(...)
     3. └─testthat:::expect_match_(...)
    
     [ FAIL 1 | WARN 0 | SKIP 13 | PASS 216 ]
     Error: Test failures
     Execution halted
Flavor: r-devel-windows-x86_64-new-UL

Version: 0.7.0
Check: tests
Result: ERROR
     Running 'testthat.R'
    Running the tests in 'tests/testthat.R' failed.
    Complete output:
     > library(testthat)
     >
     > test_check("emayili")
     Loading required package: emayili
    
     Attaching package: 'emayili'
    
     The following object is masked from 'package:graphics':
    
     text
    
     The following objects are masked from 'package:base':
    
     local, raw
    
     [ FAIL 1 | WARN 0 | SKIP 13 | PASS 216 ]
    
     ══ Skipped tests ═══════════════════════════════════════════════════════════════
     • On CRAN (11)
     • On Windows (1)
     • suppressWarnings(is.na(smtp_gmail)) is TRUE (1)
    
     ══ Failed tests ════════════════════════════════════════════════════════════════
     ── Failure (test-mime.R:29:3): print ───────────────────────────────────────────
     `print.MIME(mime_txt)` does not match "Content-Type: text/plain;\n name=\"filedbac202a480c.txt\"\nContent-Disposition: inline; filename=\"filedbac202a480c.txt\"\nContent-Transfer-Encoding: base64\nX-Attachment-Id: 63b46804\nContent-ID: <63b46804>\nContent-MD5: 7r/PnFfETLz0CFCESunVvA==\n\nU29tZSByYW5kb20gdGV4dC4=".
     Actual value: "Content-Type: text/plain;\r\n name="filedbac202a480c.txt"\r\nContent-Disposition: inline; filename="filedbac202a480c.txt"\r\nContent-Transfer-Encoding: base64\r\nX-Attachment-Id: 63b46804\r\nContent-ID: <63b46804>\r\nContent-MD5: 7r/PnFfETLz0CFCESunVvA==\r\n\r\nU29tZSByYW5kb20gdGV4dC4="
     Backtrace:
     █
     1. └─testthat::expect_output(...) test-mime.R:29:2
     2. └─testthat::expect_match(...)
     3. └─testthat:::expect_match_(...)
    
     [ FAIL 1 | WARN 0 | SKIP 13 | PASS 216 ]
     Error: Test failures
     Execution halted
Flavor: r-devel-windows-x86_64-new-TK