CRAN Package Check Results for Package enc

Last updated on 2021-11-30 19:51:22 CET.

Flavor Version Tinstall Tcheck Ttotal Status Flags
r-devel-linux-x86_64-debian-clang 0.2.2 2.96 26.17 29.13 NOTE
r-devel-linux-x86_64-debian-gcc 0.2.2 2.48 20.84 23.32 NOTE
r-devel-linux-x86_64-fedora-clang 0.2.2 46.80 NOTE
r-devel-linux-x86_64-fedora-gcc 0.2.2 36.30 NOTE
r-devel-windows-x86_64-new-UL 0.2.2 12.00 63.00 75.00 NOTE
r-devel-windows-x86_64-new-TK 0.2.2 NOTE
r-devel-windows-x86_64-old 0.2.2 6.00 32.00 38.00 NOTE
r-patched-linux-x86_64 0.2.2 3.01 25.29 28.30 NOTE
r-patched-solaris-x86 0.2.2 55.40 NOTE
r-release-linux-x86_64 0.2.2 2.76 25.23 27.99 NOTE
r-release-macos-arm64 0.2.2 NOTE
r-release-macos-x86_64 0.2.2 NOTE
r-release-windows-ix86+x86_64 0.2.2 10.00 43.00 53.00 NOTE
r-oldrel-macos-x86_64 0.2.2 OK
r-oldrel-windows-ix86+x86_64 0.2.2 9.00 45.00 54.00 OK

Check Details

Version: 0.2.2
Check: LazyData
Result: NOTE
     'LazyData' is specified without a 'data' directory
Flavors: r-devel-linux-x86_64-debian-clang, r-devel-linux-x86_64-debian-gcc, r-devel-linux-x86_64-fedora-clang, r-devel-linux-x86_64-fedora-gcc, r-devel-windows-x86_64-new-UL, r-devel-windows-x86_64-new-TK, r-devel-windows-x86_64-old, r-patched-linux-x86_64, r-patched-solaris-x86, r-release-linux-x86_64, r-release-macos-arm64, r-release-macos-x86_64, r-release-windows-ix86+x86_64