CRAN Package Check Results for Package encryptedRmd

Last updated on 2022-01-25 19:50:29 CET.

Flavor Version Tinstall Tcheck Ttotal Status Flags
r-devel-linux-x86_64-debian-clang 0.2.1 1.82 29.86 31.68 NOTE
r-devel-linux-x86_64-debian-gcc 0.2.1 1.73 23.90 25.63 NOTE
r-devel-linux-x86_64-fedora-clang 0.2.1 40.70 NOTE
r-devel-linux-x86_64-fedora-gcc 0.2.1 29.09 NOTE
r-devel-windows-x86_64-new-UL 0.2.1 18.00 47.00 65.00 NOTE
r-devel-windows-x86_64-new-TK 0.2.1 NOTE
r-patched-linux-x86_64 0.2.1 1.87 29.01 30.88 NOTE
r-release-linux-x86_64 0.2.1 1.79 28.44 30.23 NOTE
r-release-macos-arm64 0.2.1 NOTE
r-release-macos-x86_64 0.2.1 NOTE
r-release-windows-ix86+x86_64 0.2.1 6.00 38.00 44.00 NOTE
r-oldrel-macos-x86_64 0.2.1 OK
r-oldrel-windows-ix86+x86_64 0.2.1 6.00 37.00 43.00 OK

Check Details

Version: 0.2.1
Check: LazyData
Result: NOTE
     'LazyData' is specified without a 'data' directory
Flavors: r-devel-linux-x86_64-debian-clang, r-devel-linux-x86_64-debian-gcc, r-devel-linux-x86_64-fedora-clang, r-devel-linux-x86_64-fedora-gcc, r-devel-windows-x86_64-new-UL, r-devel-windows-x86_64-new-TK, r-patched-linux-x86_64, r-release-linux-x86_64, r-release-macos-arm64, r-release-macos-x86_64, r-release-windows-ix86+x86_64