CRAN Package Check Results for Package enviGCMS

Last updated on 2022-01-16 19:49:24 CET.

Flavor Version Tinstall Tcheck Ttotal Status Flags
r-devel-linux-x86_64-debian-clang 0.6.6 7.13 81.29 88.42 OK
r-devel-linux-x86_64-debian-gcc 0.6.6 5.31 62.88 68.19 OK
r-devel-linux-x86_64-fedora-clang 0.6.6 108.81 OK
r-devel-linux-x86_64-fedora-gcc 0.6.6 98.10 OK
r-devel-windows-x86_64-new-UL 0.6.6 135.00 131.00 266.00 OK
r-devel-windows-x86_64-new-TK 0.6.6 OK
r-patched-linux-x86_64 0.6.6 8.61 80.83 89.44 OK
r-release-linux-x86_64 0.6.6 OK
r-release-macos-arm64 0.6.6 OK
r-release-macos-x86_64 0.6.6 OK
r-release-windows-ix86+x86_64 0.6.6 12.00 113.00 125.00 OK
r-oldrel-macos-x86_64 0.6.6 ERROR
r-oldrel-windows-ix86+x86_64 0.6.6 13.00 110.00 123.00 OK

Check Details

Version: 0.6.6
Check: package dependencies
Result: ERROR
    Package required but not available: ‘Rdisop’
    
    See section ‘The DESCRIPTION file’ in the ‘Writing R Extensions’
    manual.
Flavor: r-oldrel-macos-x86_64