Last updated on 2025-04-30 21:52:44 CEST.
Flavor | Version | Tinstall | Tcheck | Ttotal | Status | Flags |
---|---|---|---|---|---|---|
r-devel-linux-x86_64-debian-clang | 0.4.0 | 6.07 | 48.47 | 54.54 | OK | |
r-devel-linux-x86_64-debian-gcc | 0.4.0 | 3.76 | 36.37 | 40.13 | OK | |
r-devel-linux-x86_64-fedora-clang | 0.4.0 | 82.40 | NOTE | |||
r-devel-linux-x86_64-fedora-gcc | 0.4.0 | 79.19 | NOTE | |||
r-devel-windows-x86_64 | 0.4.0 | 9.00 | 91.00 | 100.00 | OK | |
r-patched-linux-x86_64 | 0.4.0 | 5.89 | 44.63 | 50.52 | OK | |
r-release-linux-x86_64 | 0.4.0 | 5.20 | 44.56 | 49.76 | OK | |
r-release-macos-arm64 | 0.4.0 | 53.00 | OK | |||
r-release-macos-x86_64 | 0.4.0 | 78.00 | OK | |||
r-release-windows-x86_64 | 0.4.0 | 9.00 | 98.00 | 107.00 | OK | |
r-oldrel-macos-arm64 | 0.4.0 | 51.00 | OK | |||
r-oldrel-macos-x86_64 | 0.4.0 | 59.00 | OK | |||
r-oldrel-windows-x86_64 | 0.4.0 | 9.00 | 97.00 | 106.00 | OK |
Version: 0.4.0
Check: dependencies in R code
Result: NOTE
Namespace in Imports field not imported from: ‘tinytest’
All declared Imports should be used.
Flavors: r-devel-linux-x86_64-fedora-clang, r-devel-linux-x86_64-fedora-gcc