CRAN Package Check Results for Package epiomics

Last updated on 2024-02-24 19:50:38 CET.

Flavor Version Tinstall Tcheck Ttotal Status Flags
r-devel-linux-x86_64-debian-clang 1.0.0 12.82 149.72 162.54 OK
r-devel-linux-x86_64-debian-gcc 1.0.0 10.94 107.77 118.71 OK
r-devel-linux-x86_64-fedora-clang 1.0.0 198.58 ERROR
r-devel-linux-x86_64-fedora-gcc 1.0.0 196.86 ERROR
r-devel-windows-x86_64 1.0.0 13.00 116.00 129.00 OK
r-patched-linux-x86_64 1.0.0 12.58 138.92 151.50 OK
r-release-linux-x86_64 1.0.0 13.02 142.11 155.13 OK
r-release-macos-arm64 1.0.0 65.00 OK
r-release-macos-x86_64 1.0.0 81.00 OK
r-release-windows-x86_64 1.0.0 17.00 140.00 157.00 OK
r-oldrel-macos-arm64 1.0.0 42.00 OK
r-oldrel-windows-x86_64 1.0.0 18.00 137.00 155.00 OK

Check Details

Version: 1.0.0
Check: tests
Result: ERROR Running ‘testthat.R’ [40s/43s] Running the tests in ‘tests/testthat.R’ failed. Complete output: > # This file is part of the standard setup for testthat. > # It is recommended that you do not modify it. > # > # Where should you do additional test configuration? > # Learn more about the roles of various files in: > # * https://r-pkgs.org/tests.html > # * https://testthat.r-lib.org/reference/test_package.html#special-files > > library(testthat) > library(epiomics) > > test_check("epiomics") boundary (singular) fit: see help('isSingular') boundary (singular) fit: see help('isSingular') boundary (singular) fit: see help('isSingular') boundary (singular) fit: see help('isSingular') [ FAIL 2 | WARN 0 | SKIP 0 | PASS 42 ] ══ Failed tests ════════════════════════════════════════════════════════════════ ── Failure ('test_volcano_owas.R:22:3'): volcano_owas works with a single var ── length(vp) (`actual`) not equal to 9 (`expected`). `actual`: 11 `expected`: 9 ── Failure ('test_volcano_owas.R:54:3'): volcano_owas works with multiple vars ── length(vp) (`actual`) not equal to 9 (`expected`). `actual`: 11 `expected`: 9 [ FAIL 2 | WARN 0 | SKIP 0 | PASS 42 ] Error: Test failures Execution halted Flavor: r-devel-linux-x86_64-fedora-clang

Version: 1.0.0
Check: tests
Result: ERROR Running ‘testthat.R’ [40s/89s] Running the tests in ‘tests/testthat.R’ failed. Complete output: > # This file is part of the standard setup for testthat. > # It is recommended that you do not modify it. > # > # Where should you do additional test configuration? > # Learn more about the roles of various files in: > # * https://r-pkgs.org/tests.html > # * https://testthat.r-lib.org/reference/test_package.html#special-files > > library(testthat) > library(epiomics) > > test_check("epiomics") boundary (singular) fit: see help('isSingular') boundary (singular) fit: see help('isSingular') boundary (singular) fit: see help('isSingular') boundary (singular) fit: see help('isSingular') [ FAIL 2 | WARN 0 | SKIP 0 | PASS 42 ] ══ Failed tests ════════════════════════════════════════════════════════════════ ── Failure ('test_volcano_owas.R:22:3'): volcano_owas works with a single var ── length(vp) (`actual`) not equal to 9 (`expected`). `actual`: 11 `expected`: 9 ── Failure ('test_volcano_owas.R:54:3'): volcano_owas works with multiple vars ── length(vp) (`actual`) not equal to 9 (`expected`). `actual`: 11 `expected`: 9 [ FAIL 2 | WARN 0 | SKIP 0 | PASS 42 ] Error: Test failures Execution halted Flavor: r-devel-linux-x86_64-fedora-gcc