CRAN Package Check Results for Package epitweetr

Last updated on 2024-03-01 19:48:57 CET.

Flavor Version Tinstall Tcheck Ttotal Status Flags
r-devel-linux-x86_64-debian-clang 2.2.16 22.84 134.88 157.72 NOTE
r-devel-linux-x86_64-debian-gcc 2.2.16 14.75 100.55 115.30 NOTE
r-devel-linux-x86_64-fedora-clang 2.2.16 203.91 NOTE
r-devel-linux-x86_64-fedora-gcc 2.2.16 215.40 NOTE
r-devel-windows-x86_64 2.2.16 20.00 127.00 147.00 OK
r-patched-linux-x86_64 2.2.16 14.19 131.04 145.23 NOTE
r-release-linux-x86_64 2.2.16 13.41 131.90 145.31 NOTE
r-release-macos-arm64 2.2.16 97.00 NOTE
r-release-macos-x86_64 2.2.16 176.00 NOTE
r-release-windows-x86_64 2.2.16 25.00 150.00 175.00 OK
r-oldrel-macos-arm64 2.2.16 90.00 NOTE
r-oldrel-windows-x86_64 2.2.16 29.00 154.00 183.00 OK

Check Details

Version: 2.2.16
Check: package dependencies
Result: NOTE Package suggested but not available for checking: ‘taskscheduleR’ Flavors: r-devel-linux-x86_64-debian-clang, r-devel-linux-x86_64-debian-gcc, r-devel-linux-x86_64-fedora-gcc, r-patched-linux-x86_64, r-release-linux-x86_64, r-release-macos-arm64, r-release-macos-x86_64, r-oldrel-macos-arm64

Version: 2.2.16
Check: package dependencies
Result: NOTE Package suggested but not available for checking: ‘taskscheduleR’ Imports includes 34 non-default packages. Importing from so many packages makes the package vulnerable to any of them becoming unavailable. Move as many as possible to Suggests and use conditionally. Flavor: r-devel-linux-x86_64-fedora-clang

Version: 2.2.16
Check: dependencies in R code
Result: NOTE Namespaces in Imports field not imported from: ‘httpuv’ ‘knitr’ ‘plyr’ ‘tidyverse’ ‘xml2’ All declared Imports should be used. Flavors: r-devel-linux-x86_64-fedora-clang, r-devel-linux-x86_64-fedora-gcc