CRAN Package Check Results for Package eplusr

Last updated on 2022-08-11 21:50:03 CEST.

Flavor Version Tinstall Tcheck Ttotal Status Flags
r-devel-linux-x86_64-debian-clang 0.15.1 53.25 503.76 557.01 NOTE
r-devel-linux-x86_64-debian-gcc 0.15.1 45.92 295.79 341.71 NOTE
r-devel-linux-x86_64-fedora-clang 0.15.1 581.95 OK
r-devel-linux-x86_64-fedora-gcc 0.15.1 494.08 OK
r-devel-windows-x86_64 0.15.1 124.00 337.00 461.00 OK
r-patched-linux-x86_64 0.15.1 50.72 357.10 407.82 OK
r-release-linux-x86_64 0.15.1 49.31 353.70 403.01 OK
r-release-macos-arm64 0.15.1 102.00 OK
r-release-macos-x86_64 0.15.1 144.00 OK
r-release-windows-x86_64 0.15.1 139.00 331.00 470.00 OK
r-oldrel-macos-arm64 0.15.1 97.00 OK
r-oldrel-macos-x86_64 0.15.1 151.00 OK
r-oldrel-windows-ix86+x86_64 0.15.1 86.00 333.00 419.00 OK

Check Details

Version: 0.15.1
Check: HTML version of manual
Result: NOTE
    Found the following HTML validation problems:
    IdfSchedule.html:119:6: Warning: missing </span> before <p>
    IdfSchedule.html:119:94: Warning: inserting implicit <span>
    IdfSchedule.html:122:6: Warning: missing </span> before <p>
    IdfSchedule.html:122:91: Warning: inserting implicit <span>
    IdfSchedule.html:125:6: Warning: missing </span> before <p>
    IdfSchedule.html:125:94: Warning: inserting implicit <span>
    IdfSchedule.html:128:6: Warning: missing </span> before <p>
    IdfSchedule.html:128:94: Warning: inserting implicit <span>
    IdfSchedule.html:131:6: Warning: missing </span> before <p>
    IdfSchedule.html:131:91: Warning: inserting implicit <span>
    IdfSchedule.html:134:6: Warning: missing </span> before <p>
    IdfSchedule.html:134:94: Warning: inserting implicit <span>
    IdfSchedule.html:137:6: Warning: missing </span> before <p>
    IdfSchedule.html:137:96: Warning: inserting implicit <span>
    IdfSchedule.html:140:6: Warning: missing </span> before <p>
    IdfSchedule.html:140:94: Warning: inserting implicit <span>
    IdfSchedule.html:143:6: Warning: missing </span> before <p>
    IdfSchedule.html:143:86: Warning: inserting implicit <span>
    IdfSchedule.html:146:6: Warning: missing </span> before <p>
    IdfSchedule.html:146:88: Warning: inserting implicit <span>
    IdfSchedule.html:149:6: Warning: missing </span> before <p>
    IdfSchedule.html:149:90: Warning: inserting implicit <span>
    IdfSchedule.html:152:6: Warning: missing </span> before <p>
    IdfSchedule.html:152:89: Warning: inserting implicit <span>
    IdfSchedule.html:155:6: Warning: missing </span> before <p>
    IdfSchedule.html:155:97: Warning: inserting implicit <span>
    IdfSchedule.html:158:6: Warning: missing </span> before <p>
    IdfSchedule.html:158:95: Warning: inserting implicit <span>
    IdfSchedule.html:161:6: Warning: missing </span> before <p>
    IdfSchedule.html:161:97: Warning: inserting implicit <span>
    IdfSchedule.html:164:6: Warning: missing </span> before <p>
    IdfSchedule.html:164:93: Warning: inserting implicit <span>
    IdfSchedule.html:167:6: Warning: missing </span> before <p>
    IdfSchedule.html:167:92: Warning: inserting implicit <span>
    IdfSchedule.html:170:6: Warning: missing </span> before <p>
    IdfSchedule.html:170:89: Warning: inserting implicit <span>
    IdfSchedule.html:173:6: Warning: missing </span> before <p>
    IdfSchedule.html:173:98: Warning: inserting implicit <span>
    IdfSchedule.html:176:6: Warning: missing </span> before <p>
    IdfSchedule.html:176:98: Warning: inserting implicit <span>
    IdfSchedule.html:179:6: Warning: missing </span> before <p>
    IdfSchedule.html:179:91: Warning: inserting implicit <span>
    IdfSchedule.html:119:6: Warning: trimming empty <span>
    IdfSchedule.html:122:6: Warning: trimming empty <span>
    IdfSchedule.html:125:6: Warning: trimming empty <span>
    IdfSchedule.html:128:6: Warning: trimming empty <span>
    IdfSchedule.html:131:6: Warning: trimming empty <span>
    IdfSchedule.html:134:6: Warning: trimming empty <span>
    IdfSchedule.html:137:6: Warning: trimming empty <span>
    IdfSchedule.html:140:6: Warning: trimming empty <span>
    IdfSchedule.html:143:6: Warning: trimming empty <span>
    IdfSchedule.html:146:6: Warning: trimming empty <span>
    IdfSchedule.html:149:6: Warning: trimming empty <span>
    IdfSchedule.html:152:6: Warning: trimming empty <span>
    IdfSchedule.html:155:6: Warning: trimming empty <span>
    IdfSchedule.html:158:6: Warning: trimming empty <span>
    IdfSchedule.html:161:6: Warning: trimming empty <span>
    IdfSchedule.html:164:6: Warning: trimming empty <span>
    IdfSchedule.html:167:6: Warning: trimming empty <span>
    IdfSchedule.html:170:6: Warning: trimming empty <span>
    IdfSchedule.html:173:6: Warning: trimming empty <span>
    IdfSchedule.html:176:6: Warning: trimming empty <span>
    IdfSchedule.html:179:6: Warning: trimming empty <span>
    ParametricJob.html:123:6: Warning: missing </span> before <p>
    ParametricJob.html:123:94: Warning: inserting implicit <span>
    ParametricJob.html:126:6: Warning: missing </span> before <p>
    ParametricJob.html:126:92: Warning: inserting implicit <span>
    ParametricJob.html:129:6: Warning: missing </span> before <p>
    ParametricJob.html:129:98: Warning: inserting implicit <span>
    ParametricJob.html:132:6: Warning: missing </span> before <p>
    ParametricJob.html:132:98: Warning: inserting implicit <span>
    ParametricJob.html:135:6: Warning: missing </span> before <p>
    ParametricJob.html:135:101: Warning: inserting implicit <span>
    ParametricJob.html:138:6: Warning: missing </span> before <p>
    ParametricJob.html:138:98: Warning: inserting implicit <span>
    ParametricJob.html:141:6: Warning: missing </span> before <p>
    ParametricJob.html:141:96: Warning: inserting implicit <span>
    ParametricJob.html:144:6: Warning: missing </span> before <p>
    ParametricJob.html:144:96: Warning: inserting implicit <span>
    ParametricJob.html:147:6: Warning: missing </span> before <p>
    ParametricJob.html:147:98: Warning: inserting implicit <span>
    ParametricJob.html:150:6: Warning: missing </span> before <p>
    ParametricJob.html:150:99: Warning: inserting implicit <span>
    ParametricJob.html:153:6: Warning: missing </span> before <p>
    ParametricJob.html:153:104: Warning: inserting implicit <span>
    ParametricJob.html:156:6: Warning: missing </span> before <p>
    ParametricJob.html:156:94: Warning: inserting implicit <span>
    ParametricJob.html:159:6: Warning: missing </span> before <p>
    ParametricJob.html:159:100: Warning: inserting implicit <span>
    ParametricJob.html:123:6: Warning: trimming empty <span>
    ParametricJob.html:126:6: Warning: trimming empty <span>
    ParametricJob.html:129:6: Warning: trimming empty <span>
    ParametricJob.html:132:6: Warning: trimming empty <span>
    ParametricJob.html:135:6: Warning: trimming empty <span>
    ParametricJob.html:138:6: Warning: trimming empty <span>
    ParametricJob.html:141:6: Warning: trimming empty <span>
    ParametricJob.html:144:6: Warning: trimming empty <span>
    ParametricJob.html:147:6: Warning: trimming empty <span>
    ParametricJob.html:150:6: Warning: trimming empty <span>
    ParametricJob.html:153:6: Warning: trimming empty <span>
    ParametricJob.html:156:6: Warning: trimming empty <span>
    ParametricJob.html:159:6: Warning: trimming empty <span>
Flavors: r-devel-linux-x86_64-debian-clang, r-devel-linux-x86_64-debian-gcc