CRAN Package Check Results for Package epoxy

Last updated on 2024-06-21 21:51:56 CEST.

Flavor Version Tinstall Tcheck Ttotal Status Flags
r-devel-linux-x86_64-debian-clang 1.0.0 6.28 77.04 83.32 OK
r-devel-linux-x86_64-debian-gcc 1.0.0 4.20 57.33 61.53 OK
r-devel-linux-x86_64-fedora-clang 1.0.0 104.03 NOTE
r-devel-linux-x86_64-fedora-gcc 1.0.0 112.84 NOTE
r-devel-windows-x86_64 1.0.0 7.00 85.00 92.00 OK
r-patched-linux-x86_64 1.0.0 6.59 72.92 79.51 OK
r-release-linux-x86_64 1.0.0 4.58 72.90 77.48 OK
r-release-macos-arm64 1.0.0 43.00 OK
r-release-macos-x86_64 1.0.0 64.00 OK
r-release-windows-x86_64 1.0.0 6.00 84.00 90.00 OK
r-oldrel-macos-arm64 1.0.0 41.00 OK
r-oldrel-macos-x86_64 1.0.0 131.00 OK
r-oldrel-windows-x86_64 1.0.0 8.00 96.00 104.00 OK

Check Details

Version: 1.0.0
Check: data for non-ASCII characters
Result: NOTE Note: found 1 marked UTF-8 string Flavors: r-devel-linux-x86_64-fedora-clang, r-devel-linux-x86_64-fedora-gcc