CRAN Package Check Results for Package equatiomatic

Last updated on 2025-01-18 19:49:06 CET.

Flavor Version Tinstall Tcheck Ttotal Status Flags
r-devel-linux-x86_64-debian-clang 0.3.3 5.37 177.10 182.47 NOTE
r-devel-linux-x86_64-debian-gcc 0.3.3 3.44 129.53 132.97 NOTE
r-devel-linux-x86_64-fedora-clang 0.3.3 299.90 OK
r-devel-linux-x86_64-fedora-gcc 0.3.3 309.35 OK
r-devel-windows-x86_64 0.3.3 11.00 163.00 174.00 NOTE
r-patched-linux-x86_64 0.3.3 12.70 174.09 186.79 OK
r-release-linux-x86_64 0.3.3 6.23 171.51 177.74 OK
r-release-macos-arm64 0.3.3 107.00 OK
r-release-macos-x86_64 0.3.3 144.00 OK
r-release-windows-x86_64 0.3.3 9.00 163.00 172.00 OK
r-oldrel-macos-arm64 0.3.3 112.00 OK
r-oldrel-macos-x86_64 0.3.3 199.00 OK
r-oldrel-windows-x86_64 0.3.3 9.00 196.00 205.00 OK

Check Details

Version: 0.3.3
Check: Rd cross-references
Result: NOTE Found the following Rd file(s) with Rd \link{} targets missing package anchors: renderEq.Rd: shiny Please provide package anchors for all Rd \link{} targets not in the package itself and the base packages. Flavors: r-devel-linux-x86_64-debian-clang, r-devel-linux-x86_64-debian-gcc, r-devel-windows-x86_64