CRAN Package Check Results for Package equivalenceTest

Last updated on 2024-07-13 21:44:39 CEST.

Flavor Version Tinstall Tcheck Ttotal Status Flags
r-devel-linux-x86_64-debian-clang 0.0.1.1 2.88 27.73 30.61 NOTE
r-devel-linux-x86_64-debian-gcc 0.0.1.1 2.12 21.11 23.23 NOTE
r-devel-linux-x86_64-fedora-clang 0.0.1.1 38.14 NOTE
r-devel-linux-x86_64-fedora-gcc 0.0.1.1 35.30 NOTE
r-devel-windows-x86_64 0.0.1.1 3.00 44.00 47.00 NOTE
r-patched-linux-x86_64 0.0.1.1 2.87 26.24 29.11 NOTE
r-release-linux-x86_64 0.0.1.1 1.96 25.89 27.85 NOTE
r-release-macos-arm64 0.0.1.1 16.00 NOTE
r-release-macos-x86_64 0.0.1.1 31.00 NOTE
r-release-windows-x86_64 0.0.1.1 4.00 45.00 49.00 NOTE
r-oldrel-macos-arm64 0.0.1.1 20.00 NOTE
r-oldrel-macos-x86_64 0.0.1.1 22.00 NOTE
r-oldrel-windows-x86_64 0.0.1.1 4.00 45.00 49.00 NOTE

Check Details

Version: 0.0.1.1
Check: LazyData
Result: NOTE 'LazyData' is specified without a 'data' directory Flavors: r-devel-linux-x86_64-debian-clang, r-devel-linux-x86_64-debian-gcc, r-devel-linux-x86_64-fedora-clang, r-devel-linux-x86_64-fedora-gcc, r-devel-windows-x86_64, r-patched-linux-x86_64, r-release-linux-x86_64, r-release-macos-arm64, r-release-macos-x86_64, r-release-windows-x86_64, r-oldrel-macos-arm64, r-oldrel-macos-x86_64, r-oldrel-windows-x86_64

Version: 0.0.1.1
Check: dependencies in R code
Result: NOTE Namespaces in Imports field not imported from: ‘cubature’ ‘rootSolve’ All declared Imports should be used. Flavors: r-devel-linux-x86_64-fedora-clang, r-devel-linux-x86_64-fedora-gcc