CRAN Package Check Results for Package erer

Last updated on 2024-02-27 19:54:37 CET.

Flavor Version Tinstall Tcheck Ttotal Status Flags
r-devel-linux-x86_64-debian-clang 3.1 12.44 98.20 110.64 NOTE
r-devel-linux-x86_64-debian-gcc 3.1 9.38 74.07 83.45 NOTE
r-devel-linux-x86_64-fedora-clang 3.1 135.69 NOTE
r-devel-linux-x86_64-fedora-gcc 3.1 135.37 NOTE
r-devel-windows-x86_64 3.1 13.00 96.00 109.00 OK
r-patched-linux-x86_64 3.1 18.09 96.38 114.47 OK
r-release-linux-x86_64 3.1 11.93 97.14 109.07 OK
r-release-macos-arm64 3.1 44.00 OK
r-release-macos-x86_64 3.1 69.00 OK
r-release-windows-x86_64 3.1 15.00 111.00 126.00 OK
r-oldrel-macos-arm64 3.1 40.00 OK
r-oldrel-windows-x86_64 3.1 16.00 117.00 133.00 OK

Check Details

Version: 3.1
Check: Rd files
Result: NOTE checkRd: (-1) evReturn.Rd:34: Lost braces 34 | \item{daEst }{ data used to estimate the market model for the last firm as specified in code{firm}.} | ^ checkRd: (-1) evRisk.Rd:19: Lost braces 19 | \item{daEst }{ data used to estimate CAPM for the last firm as specified in code{firm}.} | ^ Flavors: r-devel-linux-x86_64-debian-clang, r-devel-linux-x86_64-debian-gcc, r-devel-linux-x86_64-fedora-clang, r-devel-linux-x86_64-fedora-gcc