CRAN Package Check Results for Package esmisc

Last updated on 2022-01-17 19:49:33 CET.

Flavor Version Tinstall Tcheck Ttotal Status Flags
r-devel-linux-x86_64-debian-clang 0.0.3 27.65 254.03 281.68 NOTE
r-devel-linux-x86_64-debian-gcc 0.0.3 20.82 187.85 208.67 NOTE
r-devel-linux-x86_64-fedora-clang 0.0.3 324.29 NOTE
r-devel-linux-x86_64-fedora-gcc 0.0.3 315.86 NOTE
r-devel-windows-x86_64-new-UL 0.0.3 29.00 246.00 275.00 NOTE
r-devel-windows-x86_64-new-TK 0.0.3 NOTE
r-patched-linux-x86_64 0.0.3 24.79 240.67 265.46 NOTE
r-release-linux-x86_64 0.0.3 NOTE
r-release-macos-arm64 0.0.3 NOTE
r-release-macos-x86_64 0.0.3 NOTE
r-release-windows-ix86+x86_64 0.0.3 56.00 251.00 307.00 NOTE
r-oldrel-macos-x86_64 0.0.3 OK
r-oldrel-windows-ix86+x86_64 0.0.3 59.00 264.00 323.00 OK

Check Details

Version: 0.0.3
Check: LazyData
Result: NOTE
     'LazyData' is specified without a 'data' directory
Flavors: r-devel-linux-x86_64-debian-clang, r-devel-linux-x86_64-debian-gcc, r-devel-linux-x86_64-fedora-clang, r-devel-linux-x86_64-fedora-gcc, r-devel-windows-x86_64-new-UL, r-devel-windows-x86_64-new-TK, r-patched-linux-x86_64, r-release-linux-x86_64, r-release-macos-arm64, r-release-macos-x86_64, r-release-windows-ix86+x86_64