Last updated on 2023-12-10 19:49:10 CET.
Flavor | Version | Tinstall | Tcheck | Ttotal | Status | Flags |
---|---|---|---|---|---|---|
r-devel-linux-x86_64-debian-clang | 1.4.1 | 149.54 | 343.87 | 493.41 | NOTE | |
r-devel-linux-x86_64-debian-gcc | 1.4.1 | 102.51 | 254.93 | 357.44 | NOTE | |
r-devel-linux-x86_64-fedora-clang | 1.4.1 | 671.30 | OK | |||
r-devel-linux-x86_64-fedora-gcc | 1.4.1 | 636.23 | OK | |||
r-devel-windows-x86_64 | 1.4.1 | 111.00 | 293.00 | 404.00 | OK | |
r-patched-linux-x86_64 | 1.4.1 | 108.73 | 342.04 | 450.77 | OK | |
r-release-linux-x86_64 | 1.4.1 | 94.68 | 342.24 | 436.92 | OK | |
r-release-macos-arm64 | 1.4.1 | 156.00 | OK | |||
r-release-macos-x86_64 | 1.4.1 | 338.00 | OK | |||
r-release-windows-x86_64 | 1.4.1 | 149.00 | 347.00 | 496.00 | OK | |
r-oldrel-macos-arm64 | 1.3.2 | 211.00 | OK | |||
r-oldrel-macos-x86_64 | 1.3.2 | 369.00 | OK | |||
r-oldrel-windows-x86_64 | 1.3.2 | 113.00 | 341.00 | 454.00 | OK |
Version: 1.4.1
Check: Rd files
Result: NOTE
checkRd: (-1) display.DVH.Rd:28: Lost braces; missing escapes or markup?
28 | if they exist, the quantile zones (Prob = {0, .025, .25, .5, .75, .975, 1})
| ^
checkRd: (-1) display.DVH.pc.Rd:27: Lost braces; missing escapes or markup?
27 | displays, if they exist, the quantile zones (Prob = {0, .025, .25, .5, .75, .975, 1})
| ^
checkRd: (-1) display.dV_dx.Rd:28: Lost braces; missing escapes or markup?
28 | if they exist, the quantile zones (Prob = {0, .025, .25, .5, .75, .975, 1})
| ^
checkRd: (-1) display.histo.Rd:27: Lost braces; missing escapes or markup?
27 | if they exist, the quantile zones (Prob = {0, .05, .25, .5, .75, .95, 1})
| ^
checkRd: (-1) espadon.class.Rd:131: Lost braces; missing escapes or markup?
131 | \item \code{$orientation}: the xyz-coordinates of the two unit vectors of the plane orthogonal to the {$direction}.
| ^
checkRd: (-1) espadon.class.Rd:180: Lost braces; missing escapes or markup?
180 | {- the "rtplan" class also includes :}
| ^
checkRd: (-1) get.plane.Rd:58: Lost braces; missing escapes or markup?
58 | \item If \code{xgrid} is not {NULL}, \code{origin + x.grid * plane.orientation[1:3]}
| ^
checkRd: (-1) get.plane.Rd:60: Lost braces; missing escapes or markup?
60 | \item If \code{ygrid} is not {NULL}, \code{origin + y.grid * plane.orientation[4:6]}
| ^
checkRd: (-1) load.obj.data.Rd:17: Lost braces; missing escapes or markup?
17 | Returns the \pkg{espadon} object with data \code{$vol3D.data} or {$roi.data}
| ^
checkRd: (-1) mesh.from.bin.Rd:81: Lost braces; missing escapes or markup?
81 | set to FALSE. If all voxels are equal to FALSE, the function returns the code {NULL}.
| ^
checkRd: (-1) ref.srctodest.add.Rd:14: Lost braces; missing escapes or markup?
14 | \item{TM}{4x4 tansfert matrix for moving from \code{src.ref} to {dest.ref}.}
| ^
Flavors: r-devel-linux-x86_64-debian-clang, r-devel-linux-x86_64-debian-gcc